Last updated on 2021-03-04 00:48:00 CET.
Flavor | Version | Tinstall | Tcheck | Ttotal | Status | Flags |
---|---|---|---|---|---|---|
r-devel-linux-x86_64-debian-clang | 1.0.0 | 4.03 | 38.18 | 42.21 | OK | |
r-devel-linux-x86_64-debian-gcc | 1.0.0 | 2.97 | 29.05 | 32.02 | OK | |
r-devel-linux-x86_64-fedora-clang | 1.0.0 | 62.02 | NOTE | |||
r-devel-linux-x86_64-fedora-gcc | 1.0.0 | 50.59 | NOTE | |||
r-devel-windows-ix86+x86_64 | 1.0.0 | 12.00 | 62.00 | 74.00 | OK | |
r-patched-linux-x86_64 | 1.0.0 | 3.49 | 36.89 | 40.38 | OK | |
r-patched-solaris-x86 | 1.0.0 | 75.30 | NOTE | |||
r-release-linux-x86_64 | 1.0.0 | 2.25 | 36.59 | 38.84 | OK | |
r-release-macos-x86_64 | 1.0.0 | NOTE | ||||
r-release-windows-ix86+x86_64 | 1.0.0 | 15.00 | 60.00 | 75.00 | OK | |
r-oldrel-macos-x86_64 | 1.0.0 | NOTE | ||||
r-oldrel-windows-ix86+x86_64 | 1.0.0 | 9.00 | 50.00 | 59.00 | OK |
Version: 1.0.0
Check: dependencies in R code
Result: NOTE
Namespaces in Imports field not imported from:
‘healthyR’ ‘healthyR.data’ ‘healthyR.ts’
All declared Imports should be used.
Flavors: r-devel-linux-x86_64-fedora-clang, r-devel-linux-x86_64-fedora-gcc, r-patched-solaris-x86, r-release-macos-x86_64, r-oldrel-macos-x86_64