CRAN Package Check Results for Package heatmaply

Last updated on 2021-03-04 00:48:00 CET.

Flavor Version Tinstall Tcheck Ttotal Status Flags
r-devel-linux-x86_64-debian-clang 1.2.1 9.45 225.36 234.81 OK
r-devel-linux-x86_64-debian-gcc 1.2.1 6.72 161.25 167.97 OK
r-devel-linux-x86_64-fedora-clang 1.2.1 274.20 NOTE
r-devel-linux-x86_64-fedora-gcc 1.2.1 262.33 OK
r-devel-windows-ix86+x86_64 1.2.1 20.00 280.00 300.00 NOTE
r-patched-linux-x86_64 1.2.1 7.75 211.23 218.98 OK
r-patched-solaris-x86 1.2.1 298.20 WARN
r-release-linux-x86_64 1.2.1 8.20 209.18 217.38 OK
r-release-macos-x86_64 1.2.1 WARN
r-release-windows-ix86+x86_64 1.2.1 14.00 200.00 214.00 NOTE
r-oldrel-macos-x86_64 1.2.1 WARN
r-oldrel-windows-ix86+x86_64 1.2.1 17.00 273.00 290.00 NOTE

Check Details

Version: 1.2.1
Check: installed package size
Result: NOTE
     installed size is 5.2Mb
     sub-directories of 1Mb or more:
     doc 4.8Mb
Flavors: r-devel-linux-x86_64-fedora-clang, r-devel-windows-ix86+x86_64, r-patched-solaris-x86, r-release-macos-x86_64, r-release-windows-ix86+x86_64, r-oldrel-macos-x86_64, r-oldrel-windows-ix86+x86_64

Version: 1.2.1
Check: re-building of vignette outputs
Result: WARN
    Error(s) in re-building vignettes:
     ...
    --- re-building ‘heatmaply.Rmd’ using rmarkdown
    Warning in engine$weave(file, quiet = quiet, encoding = enc) :
     Pandoc (>= 1.12.3) and/or pandoc-citeproc not available. Falling back to R Markdown v1.
    Loading required package: plotly
    Loading required package: ggplot2
    
    Attaching package: 'plotly'
    
    The following object is masked from 'package:ggplot2':
    
     last_plot
    
    The following object is masked from 'package:stats':
    
     filter
    
    The following object is masked from 'package:graphics':
    
     layout
    
    Loading required package: viridis
    Loading required package: viridisLite
    
    ======================
    Welcome to heatmaply version 1.2.1
    
    Type citation('heatmaply') for how to cite the package.
    Type ?heatmaply for the main documentation.
    
    The github page is: https://github.com/talgalili/heatmaply/
    Please submit your suggestions and bug-reports at: https://github.com/talgalili/heatmaply/issues
    Or contact: <tal.galili@gmail.com>
    ======================
    
    Quitting from lines 109-111 (heatmaply.Rmd)
    Error: processing vignette 'heatmaply.Rmd' failed with diagnostics:
    invalid 'path' argument
    --- failed re-building ‘heatmaply.Rmd’
    
    SUMMARY: processing the following file failed:
     ‘heatmaply.Rmd’
    
    Error: Vignette re-building failed.
    Execution halted
Flavor: r-patched-solaris-x86

Version: 1.2.1
Check: re-building of vignette outputs
Result: WARN
    Error(s) in re-building vignettes:
    --- re-building ‘heatmaply.Rmd’ using rmarkdown
    Warning in engine$weave(file, quiet = quiet, encoding = enc) :
     Pandoc (>= 1.12.3) and/or pandoc-citeproc not available. Falling back to R Markdown v1.
    Loading required package: plotly
    Loading required package: ggplot2
    
    Attaching package: 'plotly'
    
    The following object is masked from 'package:ggplot2':
    
     last_plot
    
    The following object is masked from 'package:stats':
    
     filter
    
    The following object is masked from 'package:graphics':
    
     layout
    
    Loading required package: viridis
    Loading required package: viridisLite
    
    ======================
    Welcome to heatmaply version 1.2.1
    
    Type citation('heatmaply') for how to cite the package.
    Type ?heatmaply for the main documentation.
    
    The github page is: https://github.com/talgalili/heatmaply/
    Please submit your suggestions and bug-reports at: https://github.com/talgalili/heatmaply/issues
    Or contact: <tal.galili@gmail.com>
    ======================
    
    Quitting from lines 109-111 (heatmaply.Rmd)
    Error: processing vignette 'heatmaply.Rmd' failed with diagnostics:
    invalid 'path' argument
    --- failed re-building ‘heatmaply.Rmd’
    
    SUMMARY: processing the following file failed:
     ‘heatmaply.Rmd’
    
    Error: Vignette re-building failed.
    Execution halted
Flavor: r-release-macos-x86_64

Version: 1.2.1
Check: re-building of vignette outputs
Result: WARN
    Error(s) in re-building vignettes:
    --- re-building ‘heatmaply.Rmd’ using rmarkdown
    Warning in engine$weave(file, quiet = quiet, encoding = enc) :
     Pandoc (>= 1.12.3) and/or pandoc-citeproc not available. Falling back to R Markdown v1.
    Loading required package: plotly
    Loading required package: ggplot2
    
    Attaching package: 'plotly'
    
    The following object is masked from 'package:ggplot2':
    
     last_plot
    
    The following object is masked from 'package:stats':
    
     filter
    
    The following object is masked from 'package:graphics':
    
     layout
    
    Loading required package: viridis
    Loading required package: viridisLite
    
    ======================
    Welcome to heatmaply version 1.2.1
    
    Type citation('heatmaply') for how to cite the package.
    Type ?heatmaply for the main documentation.
    
    The github page is: https://github.com/talgalili/heatmaply/
    Please submit your suggestions and bug-reports at: https://github.com/talgalili/heatmaply/issues
    Or contact: <tal.galili@gmail.com>
    ======================
    
    No protocol specified
    Quitting from lines 109-111 (heatmaply.Rmd)
    Error: processing vignette 'heatmaply.Rmd' failed with diagnostics:
    invalid 'path' argument
    --- failed re-building ‘heatmaply.Rmd’
    
    SUMMARY: processing the following file failed:
     ‘heatmaply.Rmd’
    
    Error: Vignette re-building failed.
    Execution halted
Flavor: r-oldrel-macos-x86_64