Last updated on 2021-03-04 00:48:00 CET.
Flavor | Version | Tinstall | Tcheck | Ttotal | Status | Flags |
---|---|---|---|---|---|---|
r-devel-linux-x86_64-debian-clang | 0.6.0 | 2.54 | 31.41 | 33.95 | OK | |
r-devel-linux-x86_64-debian-gcc | 0.6.0 | 1.91 | 23.74 | 25.65 | OK | |
r-devel-linux-x86_64-fedora-clang | 0.6.0 | 48.82 | NOTE | |||
r-devel-linux-x86_64-fedora-gcc | 0.6.0 | 41.15 | OK | |||
r-devel-windows-ix86+x86_64 | 0.6.0 | 6.00 | 50.00 | 56.00 | OK | |
r-patched-linux-x86_64 | 0.6.0 | 2.35 | 30.22 | 32.57 | OK | |
r-patched-solaris-x86 | 0.6.0 | 57.10 | OK | |||
r-release-linux-x86_64 | 0.6.0 | 2.15 | 30.30 | 32.45 | OK | |
r-release-macos-x86_64 | 0.6.0 | OK | ||||
r-release-windows-ix86+x86_64 | 0.6.0 | 6.00 | 38.00 | 44.00 | OK | |
r-oldrel-macos-x86_64 | 0.6.0 | OK | ||||
r-oldrel-windows-ix86+x86_64 | 0.6.0 | 23.00 | 43.00 | 66.00 | OK |
Version: 0.6.0
Check: Rd cross-references
Result: NOTE
Undeclared package ‘tibble’ in Rd xrefs
Flavor: r-devel-linux-x86_64-fedora-clang