Last updated on 2021-03-04 00:48:00 CET.
Flavor | Version | Tinstall | Tcheck | Ttotal | Status | Flags |
---|---|---|---|---|---|---|
r-devel-linux-x86_64-debian-clang | 0.5.0 | 366.12 | 416.43 | 782.55 | OK | |
r-devel-linux-x86_64-debian-gcc | 0.5.0 | 273.38 | 291.28 | 564.66 | OK | |
r-devel-linux-x86_64-fedora-clang | 0.5.0 | 996.33 | NOTE | |||
r-devel-linux-x86_64-fedora-gcc | 0.5.0 | 963.94 | NOTE | |||
r-devel-windows-ix86+x86_64 | 0.5.0 | 819.00 | 624.00 | 1443.00 | NOTE | |
r-patched-linux-x86_64 | 0.5.0 | 248.90 | 372.01 | 620.91 | OK | |
r-patched-solaris-x86 | 0.5.0 | 1024.30 | NOTE | |||
r-release-linux-x86_64 | 0.5.0 | 246.30 | 368.43 | 614.73 | OK | |
r-release-macos-x86_64 | 0.5.0 | NOTE | ||||
r-release-windows-ix86+x86_64 | 0.5.0 | 829.00 | 610.00 | 1439.00 | NOTE | |
r-oldrel-macos-x86_64 | 0.5.0 | NOTE | ||||
r-oldrel-windows-ix86+x86_64 | 0.5.0 | 764.00 | 595.00 | 1359.00 | NOTE |
Version: 0.5.0
Check: installed package size
Result: NOTE
installed size is 29.6Mb
sub-directories of 1Mb or more:
doc 2.2Mb
libs 25.6Mb
Flavors: r-devel-linux-x86_64-fedora-clang, r-devel-windows-ix86+x86_64, r-patched-solaris-x86, r-release-macos-x86_64, r-release-windows-ix86+x86_64, r-oldrel-macos-x86_64, r-oldrel-windows-ix86+x86_64
Version: 0.5.0
Check: dependencies in R code
Result: NOTE
Namespace in Imports field not imported from: ‘R6’
All declared Imports should be used.
Flavors: r-devel-linux-x86_64-fedora-clang, r-devel-linux-x86_64-fedora-gcc, r-patched-solaris-x86, r-release-macos-x86_64, r-oldrel-macos-x86_64