CRAN Package Check Results for Package hydrolinks

Last updated on 2021-03-04 00:48:00 CET.

Flavor Version Tinstall Tcheck Ttotal Status Flags
r-devel-linux-x86_64-debian-clang 0.10.0 7.72 67.74 75.46 WARN
r-devel-linux-x86_64-debian-gcc 0.10.0 5.74 50.69 56.43 WARN
r-devel-linux-x86_64-fedora-clang 0.10.0 102.45 WARN
r-devel-linux-x86_64-fedora-gcc 0.10.0 89.54 WARN
r-devel-windows-ix86+x86_64 0.10.0 16.00 97.00 113.00 WARN
r-patched-linux-x86_64 0.10.0 6.80 63.95 70.75 NOTE
r-patched-solaris-x86 0.10.0 139.00 NOTE
r-release-linux-x86_64 0.10.0 6.27 63.65 69.92 NOTE
r-release-macos-x86_64 0.10.0 NOTE
r-release-windows-ix86+x86_64 0.10.0 14.00 65.00 79.00 OK
r-oldrel-macos-x86_64 0.10.0 NOTE
r-oldrel-windows-ix86+x86_64 0.10.0 14.00 79.00 93.00 NOTE

Check Details

Version: 0.10.0
Check: dependencies in R code
Result: WARN
    Missing or unexported object: 'units::ud_units'
Flavors: r-devel-linux-x86_64-debian-clang, r-devel-linux-x86_64-debian-gcc, r-devel-windows-ix86+x86_64

Version: 0.10.0
Check: dependencies in R code
Result: WARN
    Namespace in Imports field not imported from: ‘dbplyr’
     All declared Imports should be used.
    Missing or unexported object: ‘units::ud_units’
Flavors: r-devel-linux-x86_64-fedora-clang, r-devel-linux-x86_64-fedora-gcc

Version: 0.10.0
Check: dependencies in R code
Result: NOTE
    Missing or unexported object: ‘units::ud_units’
Flavors: r-patched-linux-x86_64, r-release-linux-x86_64, r-oldrel-windows-ix86+x86_64

Version: 0.10.0
Check: dependencies in R code
Result: NOTE
    Namespace in Imports field not imported from: ‘dbplyr’
     All declared Imports should be used.
    Missing or unexported object: ‘units::ud_units’
Flavor: r-patched-solaris-x86

Version: 0.10.0
Check: dependencies in R code
Result: NOTE
    Namespace in Imports field not imported from: ‘dbplyr’
     All declared Imports should be used.
Flavors: r-release-macos-x86_64, r-oldrel-macos-x86_64