Last updated on 2021-03-04 00:48:00 CET.
Flavor | Version | Tinstall | Tcheck | Ttotal | Status | Flags |
---|---|---|---|---|---|---|
r-devel-linux-x86_64-debian-clang | 1.4.0 | 3.55 | 49.26 | 52.81 | OK | |
r-devel-linux-x86_64-debian-gcc | 1.4.0 | 3.70 | 37.39 | 41.09 | OK | |
r-devel-linux-x86_64-fedora-clang | 1.4.0 | 72.69 | NOTE | |||
r-devel-linux-x86_64-fedora-gcc | 1.4.0 | 62.82 | OK | |||
r-devel-windows-ix86+x86_64 | 1.4.0 | 8.00 | 75.00 | 83.00 | OK | |
r-patched-linux-x86_64 | 1.4.0 | 3.81 | 46.25 | 50.06 | OK | |
r-patched-solaris-x86 | 1.4.0 | 87.60 | OK | |||
r-release-linux-x86_64 | 1.4.0 | 4.79 | 46.35 | 51.14 | OK | |
r-release-macos-x86_64 | 1.4.0 | OK | ||||
r-release-windows-ix86+x86_64 | 1.4.0 | 7.00 | 48.00 | 55.00 | OK | |
r-oldrel-macos-x86_64 | 1.4.0 | OK | ||||
r-oldrel-windows-ix86+x86_64 | 1.4.0 | 7.00 | 64.00 | 71.00 | OK |
Version: 1.4.0
Check: Rd cross-references
Result: NOTE
Undeclared package ‘nlstools’ in Rd xrefs
Flavor: r-devel-linux-x86_64-fedora-clang