Last updated on 2021-03-04 00:48:00 CET.
Flavor | Version | Tinstall | Tcheck | Ttotal | Status | Flags |
---|---|---|---|---|---|---|
r-devel-linux-x86_64-debian-clang | 8.0.0 | 7.41 | 61.35 | 68.76 | OK | |
r-devel-linux-x86_64-debian-gcc | 8.0.0 | 6.19 | 47.10 | 53.29 | OK | |
r-devel-linux-x86_64-fedora-clang | 8.0.0 | 90.85 | NOTE | |||
r-devel-linux-x86_64-fedora-gcc | 8.0.0 | 80.66 | NOTE | |||
r-devel-windows-ix86+x86_64 | 8.0.0 | 17.00 | 88.00 | 105.00 | OK | |
r-patched-linux-x86_64 | 8.0.0 | 6.80 | 56.60 | 63.40 | OK | |
r-patched-solaris-x86 | 8.0.0 | 122.00 | NOTE | |||
r-release-linux-x86_64 | 8.0.0 | 7.56 | 56.31 | 63.87 | OK | |
r-release-macos-x86_64 | 8.0.0 | NOTE | ||||
r-release-windows-ix86+x86_64 | 8.0.0 | 12.00 | 60.00 | 72.00 | OK | |
r-oldrel-macos-x86_64 | 8.0.0 | NOTE | ||||
r-oldrel-windows-ix86+x86_64 | 8.0.0 | 13.00 | 84.00 | 97.00 | OK |
Version: 8.0.0
Check: dependencies in R code
Result: NOTE
Namespace in Imports field not imported from: ‘stringr’
All declared Imports should be used.
Flavors: r-devel-linux-x86_64-fedora-clang, r-devel-linux-x86_64-fedora-gcc, r-patched-solaris-x86, r-release-macos-x86_64, r-oldrel-macos-x86_64