Last updated on 2021-03-04 00:48:01 CET.
Flavor | Version | Tinstall | Tcheck | Ttotal | Status | Flags |
---|---|---|---|---|---|---|
r-devel-linux-x86_64-debian-clang | 0.11 | 81.15 | 62.17 | 143.32 | OK | |
r-devel-linux-x86_64-debian-gcc | 0.11 | 51.82 | 49.69 | 101.51 | OK | |
r-devel-linux-x86_64-fedora-clang | 0.11 | 209.88 | NOTE | |||
r-devel-linux-x86_64-fedora-gcc | 0.11 | 177.41 | OK | |||
r-devel-windows-ix86+x86_64 | 0.11 | 173.00 | 157.00 | 330.00 | OK | |
r-patched-linux-x86_64 | 0.11 | 65.85 | 58.74 | 124.59 | OK | |
r-patched-solaris-x86 | 0.11 | 204.40 | OK | |||
r-release-linux-x86_64 | 0.11 | 63.41 | 58.88 | 122.29 | OK | |
r-release-macos-x86_64 | 0.11 | NOTE | ||||
r-release-windows-ix86+x86_64 | 0.11 | 127.00 | 114.00 | 241.00 | OK | |
r-oldrel-macos-x86_64 | 0.11 | NOTE | ||||
r-oldrel-windows-ix86+x86_64 | 0.11 | 159.00 | 174.00 | 333.00 | OK |
Version: 0.11
Check: installed package size
Result: NOTE
installed size is 6.7Mb
sub-directories of 1Mb or more:
libs 6.2Mb
Flavors: r-devel-linux-x86_64-fedora-clang, r-release-macos-x86_64, r-oldrel-macos-x86_64