Last updated on 2021-03-04 00:48:01 CET.
Flavor | Version | Tinstall | Tcheck | Ttotal | Status | Flags |
---|---|---|---|---|---|---|
r-devel-linux-x86_64-debian-clang | 0.1.0 | 120.32 | 130.10 | 250.42 | OK | |
r-devel-linux-x86_64-debian-gcc | 0.1.0 | 99.21 | 100.81 | 200.02 | OK | |
r-devel-linux-x86_64-fedora-clang | 0.1.0 | 340.18 | NOTE | |||
r-devel-linux-x86_64-fedora-gcc | 0.1.0 | 332.60 | NOTE | |||
r-devel-windows-ix86+x86_64 | 0.1.0 | 268.00 | 237.00 | 505.00 | OK | |
r-patched-linux-x86_64 | 0.1.0 | 107.93 | 123.46 | 231.39 | OK | |
r-patched-solaris-x86 | 0.1.0 | 357.60 | NOTE | |||
r-release-linux-x86_64 | 0.1.0 | 109.99 | 123.86 | 233.85 | OK | |
r-release-macos-x86_64 | 0.1.0 | NOTE | ||||
r-release-windows-ix86+x86_64 | 0.1.0 | 266.00 | 178.00 | 444.00 | OK | |
r-oldrel-macos-x86_64 | 0.1.0 | NOTE | ||||
r-oldrel-windows-ix86+x86_64 | 0.1.0 | 229.00 | 260.00 | 489.00 | OK |
Version: 0.1.0
Check: dependencies in R code
Result: NOTE
Namespace in Imports field not imported from: ‘RcppProgress’
All declared Imports should be used.
Flavors: r-devel-linux-x86_64-fedora-clang, r-devel-linux-x86_64-fedora-gcc, r-patched-solaris-x86, r-release-macos-x86_64, r-oldrel-macos-x86_64
Version: 0.1.0
Check: installed package size
Result: NOTE
installed size is 17.6Mb
sub-directories of 1Mb or more:
libs 17.2Mb
Flavors: r-release-macos-x86_64, r-oldrel-macos-x86_64