CRAN Package Check Results for Package knitrdata

Last updated on 2021-03-04 00:48:01 CET.

Flavor Version Tinstall Tcheck Ttotal Status Flags
r-devel-linux-x86_64-debian-clang 0.6.1 2.93 41.50 44.43 OK
r-devel-linux-x86_64-debian-gcc 0.6.1 2.03 31.81 33.84 OK
r-devel-linux-x86_64-fedora-clang 0.6.1 62.47 NOTE
r-devel-linux-x86_64-fedora-gcc 0.6.1 51.98 NOTE
r-devel-windows-ix86+x86_64 0.6.1 6.00 69.00 75.00 OK
r-patched-linux-x86_64 0.6.1 2.95 39.46 42.41 OK
r-patched-solaris-x86 0.6.1 73.20 NOTE
r-release-linux-x86_64 0.6.1 2.68 39.57 42.25 OK
r-release-macos-x86_64 0.6.1 WARN
r-release-windows-ix86+x86_64 0.6.1 4.00 46.00 50.00 OK
r-oldrel-macos-x86_64 0.6.1 WARN
r-oldrel-windows-ix86+x86_64 0.6.1 5.00 58.00 63.00 WARN

Check Details

Version: 0.6.1
Check: dependencies in R code
Result: NOTE
    Namespace in Imports field not imported from: ‘methods’
     All declared Imports should be used.
Flavors: r-devel-linux-x86_64-fedora-clang, r-devel-linux-x86_64-fedora-gcc, r-patched-solaris-x86, r-release-macos-x86_64, r-oldrel-macos-x86_64

Version: 0.6.1
Check: package dependencies
Result: NOTE
    Package suggested but not available for checking: ‘gpg’
Flavor: r-patched-solaris-x86

Version: 0.6.1
Check: re-building of vignette outputs
Result: WARN
    Error(s) in re-building vignettes:
     ...
    --- re-building ‘data_language_engine_vignette.Rmd’ using rmarkdown_notangle
    Warning in engine$weave(file, quiet = quiet, encoding = enc) :
     Pandoc (>= 1.12.3) and/or pandoc-citeproc not available. Falling back to R Markdown v1.
    Loading required namespace: gpg
    Quitting from lines 134-135 (data_language_engine_vignette.Rmd)
    Error: processing vignette 'data_language_engine_vignette.Rmd' failed with diagnostics:
    object 'params' not found
    --- failed re-building ‘data_language_engine_vignette.Rmd’
    
    SUMMARY: processing the following file failed:
     ‘data_language_engine_vignette.Rmd’
    
    Error: Vignette re-building failed.
    Execution halted
Flavors: r-release-macos-x86_64, r-oldrel-macos-x86_64

Version: 0.6.1
Check: re-building of vignette outputs
Result: WARN
    Error(s) in re-building vignettes:
    --- re-building 'data_language_engine_vignette.Rmd' using rmarkdown_notangle
    Loading required namespace: gpg
    Warning in engine(options) :
     Non-empty data chunk, but given external.file chunk option. Using external file and ignoring data chunk contents.
    Quitting from lines 838-840 (data_language_engine_vignette.Rmd)
    Error: processing vignette 'data_language_engine_vignette.Rmd' failed with diagnostics:
    data corrupted!
    --- failed re-building 'data_language_engine_vignette.Rmd'
    
    SUMMARY: processing the following file failed:
     'data_language_engine_vignette.Rmd'
    
    Error: Vignette re-building failed.
    Execution halted
Flavor: r-oldrel-windows-ix86+x86_64