CRAN Package Check Results for Package leaflet.minicharts

Last updated on 2021-03-04 00:48:01 CET.

Flavor Version Tinstall Tcheck Ttotal Status Flags
r-devel-linux-x86_64-debian-clang 0.6.0 3.34 36.36 39.70 OK
r-devel-linux-x86_64-debian-gcc 0.6.0 2.40 28.25 30.65 OK
r-devel-linux-x86_64-fedora-clang 0.6.0 57.24 OK
r-devel-linux-x86_64-fedora-gcc 0.6.0 56.13 OK
r-devel-windows-ix86+x86_64 0.6.0 7.00 67.00 74.00 OK
r-patched-linux-x86_64 0.6.0 3.22 35.19 38.41 OK
r-patched-solaris-x86 0.6.0 72.00 WARN
r-release-linux-x86_64 0.6.0 3.02 34.78 37.80 OK
r-release-macos-x86_64 0.6.0 WARN
r-release-windows-ix86+x86_64 0.6.0 7.00 43.00 50.00 OK
r-oldrel-macos-x86_64 0.6.0 WARN
r-oldrel-windows-ix86+x86_64 0.6.0 6.00 57.00 63.00 OK

Check Details

Version: 0.6.0
Check: re-building of vignette outputs
Result: WARN
    Error(s) in re-building vignettes:
     ...
    --- re-building ‘introduction.Rmd’ using rmarkdown
    Warning in engine$weave(file, quiet = quiet, encoding = enc) :
     Pandoc (>= 1.12.3) and/or pandoc-citeproc not available. Falling back to R Markdown v1.
    
    Attaching package: 'dplyr'
    
    The following objects are masked from 'package:stats':
    
     filter, lag
    
    The following objects are masked from 'package:base':
    
     intersect, setdiff, setequal, union
    
    Quitting from lines 67-77 (introduction.Rmd)
    Error: processing vignette 'introduction.Rmd' failed with diagnostics:
    invalid 'path' argument
    --- failed re-building ‘introduction.Rmd’
    
    SUMMARY: processing the following file failed:
     ‘introduction.Rmd’
    
    Error: Vignette re-building failed.
    Execution halted
Flavor: r-patched-solaris-x86

Version: 0.6.0
Check: re-building of vignette outputs
Result: WARN
    Error(s) in re-building vignettes:
     ...
    --- re-building ‘introduction.Rmd’ using rmarkdown
    Warning in engine$weave(file, quiet = quiet, encoding = enc) :
     Pandoc (>= 1.12.3) and/or pandoc-citeproc not available. Falling back to R Markdown v1.
    
    Attaching package: 'dplyr'
    
    The following objects are masked from 'package:stats':
    
     filter, lag
    
    The following objects are masked from 'package:base':
    
     intersect, setdiff, setequal, union
    
    Quitting from lines 67-77 (introduction.Rmd)
    Error: processing vignette 'introduction.Rmd' failed with diagnostics:
    cannot open the connection
    --- failed re-building ‘introduction.Rmd’
    
    SUMMARY: processing the following file failed:
     ‘introduction.Rmd’
    
    Error: Vignette re-building failed.
    Execution halted
Flavors: r-release-macos-x86_64, r-oldrel-macos-x86_64