Last updated on 2021-03-04 00:48:01 CET.
Flavor | Version | Tinstall | Tcheck | Ttotal | Status | Flags |
---|---|---|---|---|---|---|
r-devel-linux-x86_64-debian-clang | 0.8.2 | 8.62 | 71.49 | 80.11 | OK | |
r-devel-linux-x86_64-debian-gcc | 0.8.2 | 7.08 | 53.97 | 61.05 | OK | |
r-devel-linux-x86_64-fedora-clang | 0.8.2 | 107.05 | OK | |||
r-devel-linux-x86_64-fedora-gcc | 0.8.2 | 93.91 | OK | |||
r-devel-windows-ix86+x86_64 | 0.8.2 | 18.00 | 101.00 | 119.00 | OK | |
r-patched-linux-x86_64 | 0.8.2 | 7.96 | 67.36 | 75.32 | OK | |
r-patched-solaris-x86 | 0.8.2 | 154.10 | OK | |||
r-release-linux-x86_64 | 0.8.2 | 7.77 | 67.30 | 75.07 | OK | |
r-release-macos-x86_64 | 0.8.2 | OK | ||||
r-release-windows-ix86+x86_64 | 0.8.2 | 13.00 | 77.00 | 90.00 | OK | |
r-oldrel-macos-x86_64 | 0.8.2 | ERROR | ||||
r-oldrel-windows-ix86+x86_64 | 0.7.0 | 22.00 | 144.00 | 166.00 | OK |
Version: 0.8.2
Check: whether package can be installed
Result: ERROR
Installation failed.
Flavor: r-oldrel-macos-x86_64