CRAN Package Check Results for Package loon

Last updated on 2021-03-04 00:48:02 CET.

Flavor Version Tinstall Tcheck Ttotal Status Flags
r-devel-linux-x86_64-debian-clang 1.3.3 23.25 183.48 206.73 OK
r-devel-linux-x86_64-debian-gcc 1.3.3 16.73 135.37 152.10 OK
r-devel-linux-x86_64-fedora-clang 1.3.3 263.44 OK
r-devel-linux-x86_64-fedora-gcc 1.3.3 253.00 OK
r-devel-windows-ix86+x86_64 1.3.3 30.00 236.00 266.00 OK
r-patched-linux-x86_64 1.3.3 20.99 173.59 194.58 OK
r-patched-solaris-x86 1.3.3 303.70 ERROR
r-release-linux-x86_64 1.3.3 20.84 171.17 192.01 OK
r-release-macos-x86_64 1.3.3 NOTE
r-release-windows-ix86+x86_64 1.3.3 31.00 218.00 249.00 OK
r-oldrel-macos-x86_64 1.3.3 ERROR
r-oldrel-windows-ix86+x86_64 1.3.3 19.00 161.00 180.00 OK

Check Details

Version: 1.3.3
Check: tests
Result: ERROR
     Running ‘testthat.R’ [91s/102s]
    Running the tests in ‘tests/testthat.R’ failed.
    Complete output:
     >
     >
     > library(testthat)
     > library(loon)
     Loading required package: tcltk
     loon Version 1.3.3.
     To learn more about loon, see l_web().
     >
     > test_check("loon")
    
     |
     | | 0%
     |
     |====== | 8%
     |
     |============ | 17%
     |
     |================== | 25%
     |
     |======================= | 33%
     |
     |============================= | 42%
     |
     |=================================== | 50%
     |
     |========================================= | 58%
     |
     |=============================================== | 67%
     |
     |==================================================== | 75%
     |
     |========================================================== | 83%
     |
     |================================================================ | 92%
     |
     |======================================================================| 100%
    
     |
     | | 0%
     |
     |====== | 8%
     |
     |============ | 17%
     |
     |================== | 25%
     |
     |======================= | 33%
     |
     |============================= | 42%
     |
     |=================================== | 50%
     |
     |========================================= | 58%
     |
     |=============================================== | 67%
     |
     |==================================================== | 75%
     |
     |========================================================== | 83%
     |
     |================================================================ | 92%
     |
     |======================================================================| 100%
     scale images...
     done
     ══ Failed tests ════════════════════════════════════════════════════════════════
     ── Failure (test_facets.R:326:5): test formula by ──────────────────────────────
     f[[2]]["color"] not equal to l_hexcolor("red").
     1/1 mismatches
     x[1]: "#FFFF00000000"
     y[1]: "#FF0000000000"
     ── Failure (test_facets.R:334:5): test formula by ──────────────────────────────
     f[[2]]["color"] not equal to l_hexcolor("red").
     1/1 mismatches
     x[1]: "#FFFF00000000"
     y[1]: "#FF0000000000"
     ── Failure (test_sync.R:92:5): test pull ───────────────────────────────────────
     unique(unlist(ppairs["color"])) not equal to l_hexcolor("red").
     Lengths differ: 2 is not 1
     ── Failure (test_sync.R:100:5): test pull ──────────────────────────────────────
     unique(pts[[1]]["color"][1:150]) not equal to l_hexcolor("red").
     1/1 mismatches
     x[1]: "#FFFF00000000"
     y[1]: "#FF0000000000"
     ── Failure (test_sync.R:145:5): test push ──────────────────────────────────────
     all(p["color"] == l_hexcolor(color)) is not TRUE
    
     `actual`: FALSE
     `expected`: TRUE
     ── Failure (test_sync.R:160:5): test push ──────────────────────────────────────
     all(s["color"] == l_hexcolor("red")) is not TRUE
    
     `actual`: FALSE
     `expected`: TRUE
     ── Failure (test_sync.R:176:5): test push ──────────────────────────────────────
     all(p1["color"] == l_hexcolor("gray60")) is not TRUE
    
     `actual`: FALSE
     `expected`: TRUE
    
     [ FAIL 7 | WARN 9 | SKIP 0 | PASS 308 ]
     Error: Test failures
     Execution halted
Flavor: r-patched-solaris-x86

Version: 1.3.3
Check: package dependencies
Result: NOTE
    Package suggested but not available for checking: ‘RDRToolbox’
Flavors: r-release-macos-x86_64, r-oldrel-macos-x86_64

Version: 1.3.3
Check: whether package can be installed
Result: ERROR
    Installation failed.
Flavor: r-oldrel-macos-x86_64