Last updated on 2021-03-04 00:48:02 CET.
Flavor | Version | Tinstall | Tcheck | Ttotal | Status | Flags |
---|---|---|---|---|---|---|
r-devel-linux-x86_64-debian-clang | 0.1.0 | 20.66 | 160.10 | 180.76 | OK | |
r-devel-linux-x86_64-debian-gcc | 0.1.0 | 17.98 | 117.61 | 135.59 | OK | |
r-devel-linux-x86_64-fedora-clang | 0.1.0 | 236.17 | NOTE | |||
r-devel-linux-x86_64-fedora-gcc | 0.1.0 | 218.29 | NOTE | |||
r-devel-windows-ix86+x86_64 | 0.1.0 | 45.00 | 191.00 | 236.00 | OK | |
r-patched-linux-x86_64 | 0.1.0 | 14.53 | 143.17 | 157.70 | OK | |
r-patched-solaris-x86 | 0.1.0 | 286.60 | NOTE | |||
r-release-linux-x86_64 | 0.1.0 | 13.43 | 145.84 | 159.27 | OK | |
r-release-macos-x86_64 | 0.1.0 | NOTE | ||||
r-release-windows-ix86+x86_64 | 0.1.0 | 33.00 | 175.00 | 208.00 | OK | |
r-oldrel-macos-x86_64 | 0.1.0 | ERROR |
Version: 0.1.0
Check: dependencies in R code
Result: NOTE
Namespace in Imports field not imported from: ‘mathjaxr’
All declared Imports should be used.
Flavors: r-devel-linux-x86_64-fedora-clang, r-devel-linux-x86_64-fedora-gcc, r-patched-solaris-x86, r-release-macos-x86_64
Version: 0.1.0
Check: whether package can be installed
Result: ERROR
Installation failed.
Flavor: r-oldrel-macos-x86_64