CRAN Package Check Results for Package magick

Last updated on 2021-03-04 00:48:02 CET.

Flavor Version Tinstall Tcheck Ttotal Status Flags
r-devel-linux-x86_64-debian-clang 2.6.0 159.62 244.90 404.52 OK
r-devel-linux-x86_64-debian-gcc 2.6.0 99.58 170.58 270.16 OK
r-devel-linux-x86_64-fedora-clang 2.6.0 466.78 NOTE
r-devel-linux-x86_64-fedora-gcc 2.6.0 415.87 OK
r-devel-windows-ix86+x86_64 2.6.0 372.00 452.00 824.00 NOTE
r-patched-linux-x86_64 2.6.0 117.55 191.65 309.20 OK
r-patched-solaris-x86 2.6.0 282.70 WARN
r-release-linux-x86_64 2.6.0 120.49 194.83 315.32 OK
r-release-macos-x86_64 2.6.0 NOTE
r-release-windows-ix86+x86_64 2.6.0 370.00 358.00 728.00 NOTE
r-oldrel-macos-x86_64 2.6.0 NOTE
r-oldrel-windows-ix86+x86_64 2.6.0 312.00 519.00 831.00 NOTE

Check Details

Version: 2.6.0
Check: installed package size
Result: NOTE
     installed size is 14.6Mb
     sub-directories of 1Mb or more:
     doc 6.6Mb
     libs 7.5Mb
Flavors: r-devel-linux-x86_64-fedora-clang, r-devel-windows-ix86+x86_64, r-patched-solaris-x86, r-release-macos-x86_64, r-release-windows-ix86+x86_64, r-oldrel-macos-x86_64, r-oldrel-windows-ix86+x86_64

Version: 2.6.0
Check: package dependencies
Result: NOTE
    Packages suggested but not available for checking:
     'av', 'rsvg', 'tesseract', 'gifski'
Flavor: r-patched-solaris-x86

Version: 2.6.0
Check: re-building of vignette outputs
Result: WARN
    Error(s) in re-building vignettes:
     ...
    --- re-building ‘intro.Rmd’ using rmarkdown
    Warning in engine$weave(file, quiet = quiet, encoding = enc) :
     Pandoc (>= 1.12.3) and/or pandoc-citeproc not available. Falling back to R Markdown v1.
    Warning in library(package, lib.loc = lib.loc, character.only = TRUE, logical.return = TRUE, :
     there is no package called 'rsvg'
    Warning in library(package, lib.loc = lib.loc, character.only = TRUE, logical.return = TRUE, :
     there is no package called 'rsvg'
    Quitting from lines 227-236 (intro.Rmd)
    Error: processing vignette 'intro.Rmd' failed with diagnostics:
    R: non-conforming drawing primitive definition `text' @ error/draw.c/RenderMVGContent/4372
    --- failed re-building ‘intro.Rmd’
    
    SUMMARY: processing the following file failed:
     ‘intro.Rmd’
    
    Error: Vignette re-building failed.
    Execution halted
Flavor: r-patched-solaris-x86