CRAN Package Check Results for Package manhattanly

Last updated on 2021-03-04 00:48:02 CET.

Flavor Version Tinstall Tcheck Ttotal Status Flags
r-devel-linux-x86_64-debian-clang 0.2.0 7.32 69.19 76.51 OK
r-devel-linux-x86_64-debian-gcc 0.2.0 6.02 51.83 57.85 OK
r-devel-linux-x86_64-fedora-clang 0.2.0 100.30 NOTE
r-devel-linux-x86_64-fedora-gcc 0.2.0 89.65 OK
r-devel-windows-ix86+x86_64 0.2.0 19.00 96.00 115.00 OK
r-patched-linux-x86_64 0.2.0 6.96 64.39 71.35 OK
r-patched-solaris-x86 0.2.0 108.70 WARN
r-release-linux-x86_64 0.2.0 6.99 65.15 72.14 OK
r-release-macos-x86_64 0.2.0 WARN
r-release-windows-ix86+x86_64 0.2.0 14.00 69.00 83.00 OK
r-oldrel-macos-x86_64 0.2.0 WARN
r-oldrel-windows-ix86+x86_64 0.2.0 15.00 82.00 97.00 OK

Check Details

Version: 0.2.0
Check: Rd cross-references
Result: NOTE
    Undeclared package ‘qqman’ in Rd xrefs
Flavor: r-devel-linux-x86_64-fedora-clang

Version: 0.2.0
Check: re-building of vignette outputs
Result: WARN
    Error(s) in re-building vignettes:
     ...
    --- re-building ‘manhattanly.Rmd’ using rmarkdown
    Warning in engine$weave(file, quiet = quiet, encoding = enc) :
     Pandoc (>= 1.12.3) and/or pandoc-citeproc not available. Falling back to R Markdown v1.
    Loading required package: ggplot2
    
    Attaching package: 'plotly'
    
    The following object is masked from 'package:ggplot2':
    
     last_plot
    
    The following object is masked from 'package:stats':
    
     filter
    
    The following object is masked from 'package:graphics':
    
     layout
    
    Quitting from lines 95-96 (manhattanly.Rmd)
    Error: processing vignette 'manhattanly.Rmd' failed with diagnostics:
    there is no package called 'webshot'
    --- failed re-building ‘manhattanly.Rmd’
    
    SUMMARY: processing the following file failed:
     ‘manhattanly.Rmd’
    
    Error: Vignette re-building failed.
    Execution halted
Flavor: r-patched-solaris-x86

Version: 0.2.0
Check: re-building of vignette outputs
Result: WARN
    Error(s) in re-building vignettes:
    --- re-building ‘manhattanly.Rmd’ using rmarkdown
    Warning in engine$weave(file, quiet = quiet, encoding = enc) :
     Pandoc (>= 1.12.3) and/or pandoc-citeproc not available. Falling back to R Markdown v1.
    Loading required package: ggplot2
    
    Attaching package: 'plotly'
    
    The following object is masked from 'package:ggplot2':
    
     last_plot
    
    The following object is masked from 'package:stats':
    
     filter
    
    The following object is masked from 'package:graphics':
    
     layout
    
    Warning: `arrange_()` is deprecated as of dplyr 0.7.0.
    Please use `arrange()` instead.
    See vignette('programming') for more help
    This warning is displayed once every 8 hours.
    Call `lifecycle::last_warnings()` to see where this warning was generated.
    PhantomJS not found. You can install it with webshot::install_phantomjs(). If it is installed, please make sure the phantomjs executable can be found via the PATH variable.
    Warning in normalizePath(f2) :
     path[1]="webshot28ed604f0649.png": No such file or directory
    Warning in file(con, "rb") :
     cannot open file 'webshot28ed604f0649.png': No such file or directory
    Quitting from lines 95-96 (manhattanly.Rmd)
    Error: processing vignette 'manhattanly.Rmd' failed with diagnostics:
    cannot open the connection
    --- failed re-building ‘manhattanly.Rmd’
    
    SUMMARY: processing the following file failed:
     ‘manhattanly.Rmd’
    
    Error: Vignette re-building failed.
    Execution halted
Flavor: r-release-macos-x86_64

Version: 0.2.0
Check: re-building of vignette outputs
Result: WARN
    Error(s) in re-building vignettes:
    --- re-building ‘manhattanly.Rmd’ using rmarkdown
    Warning in engine$weave(file, quiet = quiet, encoding = enc) :
     Pandoc (>= 1.12.3) and/or pandoc-citeproc not available. Falling back to R Markdown v1.
    Loading required package: ggplot2
    
    Attaching package: 'plotly'
    
    The following object is masked from 'package:ggplot2':
    
     last_plot
    
    The following object is masked from 'package:stats':
    
     filter
    
    The following object is masked from 'package:graphics':
    
     layout
    
    PhantomJS not found. You can install it with webshot::install_phantomjs(). If it is installed, please make sure the phantomjs executable can be found via the PATH variable.
    Warning in normalizePath(f2) :
     path[1]="webshotd4a14dcd902a.png": No such file or directory
    Warning in file(con, "rb") :
     cannot open file 'webshotd4a14dcd902a.png': No such file or directory
    Quitting from lines 95-96 (manhattanly.Rmd)
    Error: processing vignette 'manhattanly.Rmd' failed with diagnostics:
    cannot open the connection
    --- failed re-building ‘manhattanly.Rmd’
    
    SUMMARY: processing the following file failed:
     ‘manhattanly.Rmd’
    
    Error: Vignette re-building failed.
    Execution halted
Flavor: r-oldrel-macos-x86_64