CRAN Package Check Results for Package manipulateWidget

Last updated on 2021-03-04 00:48:02 CET.

Flavor Version Tinstall Tcheck Ttotal Status Flags
r-devel-linux-x86_64-debian-clang 0.10.1 6.09 60.88 66.97 OK
r-devel-linux-x86_64-debian-gcc 0.10.1 5.03 45.55 50.58 OK
r-devel-linux-x86_64-fedora-clang 0.10.1 86.55 OK
r-devel-linux-x86_64-fedora-gcc 0.10.1 85.99 OK
r-devel-windows-ix86+x86_64 0.10.1 14.00 91.00 105.00 OK
r-patched-linux-x86_64 0.10.1 6.17 56.75 62.92 OK
r-patched-solaris-x86 0.10.1 109.80 WARN
r-release-linux-x86_64 0.10.1 5.52 57.06 62.58 OK
r-release-macos-x86_64 0.10.1 WARN
r-release-windows-ix86+x86_64 0.10.1 12.00 66.00 78.00 OK
r-oldrel-macos-x86_64 0.10.1 WARN
r-oldrel-windows-ix86+x86_64 0.10.1 10.00 78.00 88.00 OK

Check Details

Version: 0.10.1
Check: re-building of vignette outputs
Result: WARN
    Error(s) in re-building vignettes:
     ...
    --- re-building ‘manipulateWidgets.Rmd’ using rmarkdown
    Warning in engine$weave(file, quiet = quiet, encoding = enc) :
     Pandoc (>= 1.12.3) and/or pandoc-citeproc not available. Falling back to R Markdown v1.
    Quitting from lines 61-68 (manipulateWidgets.Rmd)
    Error: processing vignette 'manipulateWidgets.Rmd' failed with diagnostics:
    invalid 'path' argument
    --- failed re-building ‘manipulateWidgets.Rmd’
    
    SUMMARY: processing the following file failed:
     ‘manipulateWidgets.Rmd’
    
    Error: Vignette re-building failed.
    Execution halted
Flavor: r-patched-solaris-x86

Version: 0.10.1
Check: re-building of vignette outputs
Result: WARN
    Error(s) in re-building vignettes:
     ...
    --- re-building ‘manipulateWidgets.Rmd’ using rmarkdown
    Warning in engine$weave(file, quiet = quiet, encoding = enc) :
     Pandoc (>= 1.12.3) and/or pandoc-citeproc not available. Falling back to R Markdown v1.
    Warning in normalizePath(f2) :
     path[1]="webshot12cb234a35ec4.png": No such file or directory
    Warning in file(con, "rb") :
     cannot open file 'webshot12cb234a35ec4.png': No such file or directory
    Quitting from lines 61-68 (manipulateWidgets.Rmd)
    Error: processing vignette 'manipulateWidgets.Rmd' failed with diagnostics:
    cannot open the connection
    --- failed re-building ‘manipulateWidgets.Rmd’
    
    SUMMARY: processing the following file failed:
     ‘manipulateWidgets.Rmd’
    
    Error: Vignette re-building failed.
    Execution halted
Flavor: r-release-macos-x86_64

Version: 0.10.1
Check: re-building of vignette outputs
Result: WARN
    Error(s) in re-building vignettes:
     ...
    --- re-building ‘manipulateWidgets.Rmd’ using rmarkdown
    Warning in engine$weave(file, quiet = quiet, encoding = enc) :
     Pandoc (>= 1.12.3) and/or pandoc-citeproc not available. Falling back to R Markdown v1.
    Warning in normalizePath(f2) :
     path[1]="webshot9723ea5db42.png": No such file or directory
    Warning in file(con, "rb") :
     cannot open file 'webshot9723ea5db42.png': No such file or directory
    Quitting from lines 61-68 (manipulateWidgets.Rmd)
    Error: processing vignette 'manipulateWidgets.Rmd' failed with diagnostics:
    cannot open the connection
    --- failed re-building ‘manipulateWidgets.Rmd’
    
    SUMMARY: processing the following file failed:
     ‘manipulateWidgets.Rmd’
    
    Error: Vignette re-building failed.
    Execution halted
Flavor: r-oldrel-macos-x86_64