CRAN Package Check Results for Package mbest

Last updated on 2021-03-04 00:48:02 CET.

Flavor Version Tinstall Tcheck Ttotal Status Flags
r-devel-linux-x86_64-debian-clang 0.6 13.85 203.01 216.86 OK
r-devel-linux-x86_64-debian-gcc 0.6 10.28 146.25 156.53 OK
r-devel-linux-x86_64-fedora-clang 0.6 252.19 NOTE
r-devel-linux-x86_64-fedora-gcc 0.6 244.92 OK
r-devel-windows-ix86+x86_64 0.6 29.00 413.00 442.00 OK
r-patched-linux-x86_64 0.6 12.59 185.46 198.05 OK
r-patched-solaris-x86 0.6 318.30 OK
r-release-linux-x86_64 0.6 13.51 190.55 204.06 OK
r-release-macos-x86_64 0.6 OK
r-release-windows-ix86+x86_64 0.6 20.00 389.00 409.00 OK
r-oldrel-macos-x86_64 0.6 OK
r-oldrel-windows-ix86+x86_64 0.6 24.00 358.00 382.00 OK

Check Details

Version: 0.6
Check: Rd cross-references
Result: NOTE
    Undeclared packages ‘logistf’, ‘brglm’ in Rd xrefs
Flavor: r-devel-linux-x86_64-fedora-clang