CRAN Package Check Results for Package mdsOpt

Last updated on 2021-03-04 00:48:02 CET.

Flavor Version Tinstall Tcheck Ttotal Status Flags
r-devel-linux-x86_64-debian-clang 0.5-1 27.61 242.18 269.79 OK
r-devel-linux-x86_64-debian-gcc 0.5-1 21.38 179.86 201.24 OK
r-devel-linux-x86_64-fedora-clang 0.5-1 332.87 OK
r-devel-linux-x86_64-fedora-gcc 0.5-1 316.20 OK
r-devel-windows-ix86+x86_64 0.5-1 67.00 301.00 368.00 OK
r-patched-linux-x86_64 0.5-1 19.26 223.77 243.03 OK
r-patched-solaris-x86 0.5-1 512.90 OK
r-release-linux-x86_64 0.5-1 19.10 229.26 248.36 OK
r-release-macos-x86_64 0.5-1 OK
r-release-windows-ix86+x86_64 0.5-1 49.00 284.00 333.00 OK
r-oldrel-macos-x86_64 0.5-1 WARN
r-oldrel-windows-ix86+x86_64 0.5-1 56.00 257.00 313.00 OK

Check Details

Version: 0.5-1
Check: whether package can be installed
Result: WARN
    Found the following significant warnings:
     Warning: 'rgl.init' failed, running with 'rgl.useNULL = TRUE'.
Flavor: r-oldrel-macos-x86_64