CRAN Package Check Results for Package mem

Last updated on 2021-03-04 00:48:02 CET.

Flavor Version Tinstall Tcheck Ttotal Status Flags
r-devel-linux-x86_64-debian-clang 2.16 16.31 109.50 125.81 OK
r-devel-linux-x86_64-debian-gcc 2.16 12.63 81.49 94.12 OK
r-devel-linux-x86_64-fedora-clang 2.16 159.51 OK
r-devel-linux-x86_64-fedora-gcc 2.16 147.36 OK
r-devel-windows-ix86+x86_64 2.16 27.00 123.00 150.00 OK
r-patched-linux-x86_64 2.16 15.96 100.98 116.94 OK
r-patched-solaris-x86 2.16 197.40 OK
r-release-linux-x86_64 2.16 16.32 102.04 118.36 OK
r-release-macos-x86_64 2.16 OK
r-release-windows-ix86+x86_64 2.16 22.00 115.00 137.00 OK
r-oldrel-macos-x86_64 2.16 WARN
r-oldrel-windows-ix86+x86_64 2.16 24.00 105.00 129.00 OK

Additional issues

donttest

Check Details

Version: 2.16
Check: dependencies in R code
Result: NOTE
    No protocol specified
    No protocol specified
Flavor: r-oldrel-macos-x86_64

Version: 2.16
Check: S3 generic/method consistency
Result: WARN
    No protocol specified
    No protocol specified
    See section ‘Generic functions and methods’ in the ‘Writing R
    Extensions’ manual.
Flavor: r-oldrel-macos-x86_64

Version: 2.16
Check: replacement functions
Result: WARN
    No protocol specified
    No protocol specified
    The argument of a replacement function which corresponds to the right
    hand side must be named ‘value’.
Flavor: r-oldrel-macos-x86_64

Version: 2.16
Check: foreign function calls
Result: NOTE
    No protocol specified
    No protocol specified
    See chapter ‘System and foreign language interfaces’ in the ‘Writing R
    Extensions’ manual.
Flavor: r-oldrel-macos-x86_64

Version: 2.16
Check: R code for possible problems
Result: NOTE
    No protocol specified
    No protocol specified
Flavor: r-oldrel-macos-x86_64

Version: 2.16
Check: for missing documentation entries
Result: WARN
    No protocol specified
    No protocol specified
    All user-level objects in a package should have documentation entries.
    See chapter ‘Writing R documentation files’ in the ‘Writing R
    Extensions’ manual.
Flavor: r-oldrel-macos-x86_64

Version: 2.16
Check: for code/documentation mismatches
Result: WARN
    No protocol specified
    No protocol specified
    No protocol specified
    No protocol specified
    No protocol specified
    No protocol specified
Flavor: r-oldrel-macos-x86_64

Version: 2.16
Check: Rd \usage sections
Result: NOTE
    No protocol specified
    No protocol specified
    The \usage entries for S3 methods should use the \method markup and not
    their full name.
    See chapter ‘Writing R documentation files’ in the ‘Writing R
    Extensions’ manual.
Flavor: r-oldrel-macos-x86_64