Last updated on 2021-03-04 00:48:02 CET.
Flavor | Version | Tinstall | Tcheck | Ttotal | Status | Flags |
---|---|---|---|---|---|---|
r-devel-linux-x86_64-debian-clang | 0.99.27.3 | 35.51 | 172.72 | 208.23 | OK | |
r-devel-linux-x86_64-debian-gcc | 0.99.27.3 | 28.16 | 126.76 | 154.92 | OK | |
r-devel-linux-x86_64-fedora-clang | 0.99.27.3 | 251.80 | NOTE | |||
r-devel-linux-x86_64-fedora-gcc | 0.99.27.3 | 246.73 | OK | |||
r-devel-windows-ix86+x86_64 | 0.99.27.3 | 70.00 | 254.00 | 324.00 | NOTE | |
r-patched-linux-x86_64 | 0.99.27.3 | 31.85 | 156.56 | 188.41 | OK | |
r-patched-solaris-x86 | 0.99.27.3 | 287.30 | NOTE | |||
r-release-linux-x86_64 | 0.99.27.3 | 28.37 | 160.44 | 188.81 | OK | |
r-release-macos-x86_64 | 0.99.27.3 | NOTE | ||||
r-release-windows-ix86+x86_64 | 0.99.27.3 | 47.00 | 180.00 | 227.00 | NOTE | |
r-oldrel-macos-x86_64 | 0.99.27.3 | NOTE | ||||
r-oldrel-windows-ix86+x86_64 | 0.99.27.3 | 64.00 | 219.00 | 283.00 | NOTE |
Version: 0.99.27.3
Check: installed package size
Result: NOTE
installed size is 5.4Mb
sub-directories of 1Mb or more:
R 1.3Mb
doc 3.1Mb
Flavors: r-devel-linux-x86_64-fedora-clang, r-devel-windows-ix86+x86_64, r-patched-solaris-x86, r-release-macos-x86_64, r-release-windows-ix86+x86_64, r-oldrel-macos-x86_64, r-oldrel-windows-ix86+x86_64