CRAN Package Check Results for Package metacoder

Last updated on 2021-03-04 00:48:02 CET.

Flavor Version Tinstall Tcheck Ttotal Status Flags
r-devel-linux-x86_64-debian-clang 0.3.4 31.51 135.83 167.34 OK
r-devel-linux-x86_64-debian-gcc 0.3.4 19.86 97.97 117.83 OK
r-devel-linux-x86_64-fedora-clang 0.3.4 205.04 NOTE
r-devel-linux-x86_64-fedora-gcc 0.3.4 191.99 NOTE
r-devel-windows-ix86+x86_64 0.3.4 69.00 258.00 327.00 OK
r-patched-linux-x86_64 0.3.4 25.32 127.49 152.81 OK
r-patched-solaris-x86 0.3.4 247.90 NOTE
r-release-linux-x86_64 0.3.4 25.17 130.67 155.84 OK
r-release-macos-x86_64 0.3.4 NOTE
r-release-windows-ix86+x86_64 0.3.4 47.00 197.00 244.00 OK
r-oldrel-macos-x86_64 0.3.4 NOTE
r-oldrel-windows-ix86+x86_64 0.3.4 62.00 227.00 289.00 OK

Check Details

Version: 0.3.4
Check: package dependencies
Result: NOTE
    Imports includes 30 non-default packages.
    Importing from so many packages makes the package vulnerable to any of
    them becoming unavailable. Move as many as possible to Suggests and
    use conditionally.
Flavor: r-devel-linux-x86_64-fedora-clang

Version: 0.3.4
Check: dependencies in R code
Result: NOTE
    Namespaces in Imports field not imported from:
     ‘ggrepel’ ‘reshape’ ‘svglite’
     All declared Imports should be used.
Flavors: r-devel-linux-x86_64-fedora-clang, r-devel-linux-x86_64-fedora-gcc, r-patched-solaris-x86, r-release-macos-x86_64, r-oldrel-macos-x86_64