CRAN Package Check Results for Package meteoland

Last updated on 2021-03-04 00:48:02 CET.

Flavor Version Tinstall Tcheck Ttotal Status Flags
r-devel-linux-x86_64-debian-clang 0.9.7 116.56 250.39 366.95 OK
r-devel-linux-x86_64-debian-gcc 0.9.7 82.77 183.10 265.87 OK
r-devel-linux-x86_64-fedora-clang 0.9.7 472.64 NOTE
r-devel-linux-x86_64-fedora-gcc 0.9.7 442.45 OK
r-devel-windows-ix86+x86_64 0.9.7 260.00 421.00 681.00 NOTE
r-patched-linux-x86_64 0.9.7 97.33 222.62 319.95 OK
r-patched-solaris-x86 0.9.7 561.60 OK
r-release-linux-x86_64 0.9.7 97.68 231.04 328.72 OK
r-release-macos-x86_64 0.9.7 NOTE
r-release-windows-ix86+x86_64 0.9.7 191.00 316.00 507.00 NOTE
r-oldrel-macos-x86_64 0.9.7 NOTE
r-oldrel-windows-ix86+x86_64 0.9.7 244.00 370.00 614.00 OK

Check Details

Version: 0.9.7
Check: installed package size
Result: NOTE
     installed size is 6.5Mb
     sub-directories of 1Mb or more:
     R 1.1Mb
     libs 4.0Mb
Flavors: r-devel-linux-x86_64-fedora-clang, r-devel-windows-ix86+x86_64, r-release-macos-x86_64, r-release-windows-ix86+x86_64, r-oldrel-macos-x86_64