Last updated on 2021-03-04 00:48:02 CET.
Flavor | Version | Tinstall | Tcheck | Ttotal | Status | Flags |
---|---|---|---|---|---|---|
r-devel-linux-x86_64-debian-clang | 0.9.1 | 4.48 | 40.27 | 44.75 | OK | |
r-devel-linux-x86_64-debian-gcc | 0.9.1 | 3.23 | 31.42 | 34.65 | OK | |
r-devel-linux-x86_64-fedora-clang | 0.9.1 | 64.11 | NOTE | |||
r-devel-linux-x86_64-fedora-gcc | 0.9.1 | 52.71 | NOTE | |||
r-patched-linux-x86_64 | 0.9.1 | 4.07 | 38.54 | 42.61 | OK | |
r-patched-solaris-x86 | 0.9.1 | 78.80 | NOTE | |||
r-release-linux-x86_64 | 0.9.1 | 4.24 | 39.25 | 43.49 | OK | |
r-release-windows-ix86+x86_64 | 0.9.1 | 10.00 | 61.00 | 71.00 | OK | |
r-oldrel-macos-x86_64 | 0.9.1 | NOTE |
Version: 0.9.1
Check: data for non-ASCII characters
Result: NOTE
Note: found 1 marked UTF-8 string
Flavors: r-devel-linux-x86_64-fedora-clang, r-devel-linux-x86_64-fedora-gcc, r-patched-solaris-x86, r-oldrel-macos-x86_64