Last updated on 2021-03-04 00:48:02 CET.
Flavor | Version | Tinstall | Tcheck | Ttotal | Status | Flags |
---|---|---|---|---|---|---|
r-devel-linux-x86_64-debian-clang | 0.0.2 | 5.44 | 39.01 | 44.45 | OK | |
r-devel-linux-x86_64-debian-gcc | 0.0.2 | 3.93 | 30.01 | 33.94 | OK | |
r-devel-linux-x86_64-fedora-clang | 0.0.2 | 62.36 | NOTE | |||
r-devel-linux-x86_64-fedora-gcc | 0.0.2 | 51.61 | NOTE | |||
r-devel-windows-ix86+x86_64 | 0.0.2 | 27.00 | 82.00 | 109.00 | OK | |
r-patched-linux-x86_64 | 0.0.2 | 4.60 | 36.14 | 40.74 | OK | |
r-patched-solaris-x86 | 0.0.2 | 84.70 | OK | |||
r-release-linux-x86_64 | 0.0.2 | 4.79 | 36.88 | 41.67 | OK | |
r-release-macos-x86_64 | 0.0.2 | OK | ||||
r-release-windows-ix86+x86_64 | 0.0.2 | 11.00 | 73.00 | 84.00 | OK | |
r-oldrel-macos-x86_64 | 0.0.2 | OK | ||||
r-oldrel-windows-ix86+x86_64 | 0.0.2 | 12.00 | 71.00 | 83.00 | OK |
Version: 0.0.2
Check: compiled code
Result: NOTE
File ‘mgarchBEKK/libs/mgarchBEKK.so’:
Found no calls to: ‘R_registerRoutines’, ‘R_useDynamicSymbols’
It is good practice to register native routines and to disable symbol
search.
See ‘Writing portable packages’ in the ‘Writing R Extensions’ manual.
Flavors: r-devel-linux-x86_64-fedora-clang, r-devel-linux-x86_64-fedora-gcc