CRAN Package Check Results for Package minpack.lm

Last updated on 2021-03-04 00:48:03 CET.

Flavor Version Tinstall Tcheck Ttotal Status Flags
r-devel-linux-x86_64-debian-clang 1.2-1 5.21 24.28 29.49 OK
r-devel-linux-x86_64-debian-gcc 1.2-1 4.23 19.05 23.28 OK
r-devel-linux-x86_64-fedora-clang 1.2-1 46.84 NOTE
r-devel-linux-x86_64-fedora-gcc 1.2-1 36.56 NOTE
r-devel-windows-ix86+x86_64 1.2-1 26.00 56.00 82.00 OK
r-patched-linux-x86_64 1.2-1 4.81 23.10 27.91 OK
r-patched-solaris-x86 1.2-1 63.30 OK
r-release-linux-x86_64 1.2-1 5.10 23.91 29.01 OK
r-release-macos-x86_64 1.2-1 OK
r-release-windows-ix86+x86_64 1.2-1 24.00 43.00 67.00 OK
r-oldrel-macos-x86_64 1.2-1 OK
r-oldrel-windows-ix86+x86_64 1.2-1 53.00 48.00 101.00 OK

Check Details

Version: 1.2-1
Check: compiled code
Result: NOTE
    File ‘minpack.lm/libs/minpack.lm.so’:
     Found no calls to: ‘R_registerRoutines’, ‘R_useDynamicSymbols’
    
    It is good practice to register native routines and to disable symbol
    search.
    
    See ‘Writing portable packages’ in the ‘Writing R Extensions’ manual.
Flavors: r-devel-linux-x86_64-fedora-clang, r-devel-linux-x86_64-fedora-gcc