CRAN Package Check Results for Package mlergm

Last updated on 2021-03-04 00:48:03 CET.

Flavor Version Tinstall Tcheck Ttotal Status Flags
r-devel-linux-x86_64-debian-clang 0.7 13.48 124.27 137.75 OK
r-devel-linux-x86_64-debian-gcc 0.7 12.48 94.38 106.86 OK
r-devel-linux-x86_64-fedora-clang 0.7 169.63 OK
r-devel-linux-x86_64-fedora-gcc 0.7 168.74 OK
r-devel-windows-ix86+x86_64 0.7 32.00 158.00 190.00 OK
r-patched-linux-x86_64 0.7 14.35 113.15 127.50 OK
r-patched-solaris-x86 0.7 221.80 OK
r-release-linux-x86_64 0.7 11.82 117.57 129.39 OK
r-release-macos-x86_64 0.7 OK
r-release-windows-ix86+x86_64 0.7 23.00 107.00 130.00 OK
r-oldrel-macos-x86_64 0.7 ERROR
r-oldrel-windows-ix86+x86_64 0.5 36.00 150.00 186.00 OK

Check Details

Version: 0.7
Check: whether package can be installed
Result: ERROR
    Installation failed.
Flavor: r-oldrel-macos-x86_64