Last updated on 2021-03-04 00:48:03 CET.
Flavor | Version | Tinstall | Tcheck | Ttotal | Status | Flags |
---|---|---|---|---|---|---|
r-devel-linux-x86_64-debian-clang | 0.1.0 | 22.68 | 268.67 | 291.35 | OK | |
r-devel-linux-x86_64-debian-gcc | 0.1.0 | 18.13 | 201.40 | 219.53 | OK | |
r-devel-linux-x86_64-fedora-clang | 0.1.0 | 344.31 | NOTE | |||
r-devel-linux-x86_64-fedora-gcc | 0.1.0 | 327.57 | NOTE | |||
r-devel-windows-ix86+x86_64 | 0.1.0 | 49.00 | 319.00 | 368.00 | OK | |
r-patched-linux-x86_64 | 0.1.0 | 17.12 | 252.60 | 269.72 | OK | |
r-patched-solaris-x86 | 0.1.0 | 465.80 | NOTE | |||
r-release-linux-x86_64 | 0.1.0 | 12.94 | 253.73 | 266.67 | OK | |
r-release-macos-x86_64 | 0.1.0 | NOTE | ||||
r-release-windows-ix86+x86_64 | 0.1.0 | 34.00 | 237.00 | 271.00 | OK | |
r-oldrel-macos-x86_64 | 0.1.0 | NOTE | ||||
r-oldrel-windows-ix86+x86_64 | 0.1.0 | 41.00 | 298.00 | 339.00 | OK |
Version: 0.1.0
Check: package dependencies
Result: NOTE
Imports includes 23 non-default packages.
Importing from so many packages makes the package vulnerable to any of
them becoming unavailable. Move as many as possible to Suggests and
use conditionally.
Flavor: r-devel-linux-x86_64-fedora-clang
Version: 0.1.0
Check: dependencies in R code
Result: NOTE
Namespaces in Imports field not imported from:
‘crayon’ ‘dials’ ‘glue’ ‘parsnip’
All declared Imports should be used.
Flavors: r-devel-linux-x86_64-fedora-clang, r-devel-linux-x86_64-fedora-gcc, r-patched-solaris-x86, r-release-macos-x86_64, r-oldrel-macos-x86_64