Last updated on 2021-03-04 00:48:03 CET.
Flavor | Version | Tinstall | Tcheck | Ttotal | Status | Flags |
---|---|---|---|---|---|---|
r-devel-linux-x86_64-debian-clang | 1.8.3 | 27.66 | 478.62 | 506.28 | OK | |
r-devel-linux-x86_64-debian-gcc | 1.8.3 | 23.99 | 340.02 | 364.01 | OK | |
r-devel-linux-x86_64-fedora-clang | 1.8.3 | 579.38 | NOTE | |||
r-devel-linux-x86_64-fedora-gcc | 1.8.3 | 567.94 | NOTE | |||
r-devel-windows-ix86+x86_64 | 1.8.3 | 55.00 | 586.00 | 641.00 | OK | |
r-patched-linux-x86_64 | 1.8.3 | 20.83 | 456.35 | 477.18 | OK | |
r-patched-solaris-x86 | 1.8.3 | 753.60 | NOTE | |||
r-release-linux-x86_64 | 1.8.3 | 19.66 | 457.40 | 477.06 | OK | |
r-release-macos-x86_64 | 1.8.3 | NOTE | ||||
r-release-windows-ix86+x86_64 | 1.8.3 | 43.00 | 453.00 | 496.00 | OK | |
r-oldrel-macos-x86_64 | 1.8.3 | NOTE | ||||
r-oldrel-windows-ix86+x86_64 | 1.8.3 | 52.00 | 570.00 | 622.00 | OK |
Version: 1.8.3
Check: dependencies in R code
Result: NOTE
Namespaces in Imports field not imported from:
‘ggridges’ ‘ggstance’
All declared Imports should be used.
Flavors: r-devel-linux-x86_64-fedora-clang, r-devel-linux-x86_64-fedora-gcc, r-patched-solaris-x86, r-release-macos-x86_64, r-oldrel-macos-x86_64
Version: 1.8.3
Check: Rd cross-references
Result: NOTE
Undeclared package ‘cubature’ in Rd xrefs
Flavor: r-devel-linux-x86_64-fedora-clang