Last updated on 2021-03-04 00:48:03 CET.
Flavor | Version | Tinstall | Tcheck | Ttotal | Status | Flags |
---|---|---|---|---|---|---|
r-devel-linux-x86_64-debian-clang | 0.2 | 15.22 | 54.81 | 70.03 | OK | |
r-devel-linux-x86_64-debian-gcc | 0.2 | 10.69 | 42.27 | 52.96 | OK | |
r-devel-linux-x86_64-fedora-clang | 0.2 | 99.69 | NOTE | |||
r-devel-linux-x86_64-fedora-gcc | 0.2 | 81.77 | NOTE | |||
r-devel-windows-ix86+x86_64 | 0.2 | 31.00 | 123.00 | 154.00 | OK | |
r-patched-linux-x86_64 | 0.2 | 12.48 | 53.07 | 65.55 | OK | |
r-patched-solaris-x86 | 0.2 | 126.70 | OK | |||
r-release-linux-x86_64 | 0.2 | 12.55 | 53.27 | 65.82 | OK | |
r-release-macos-x86_64 | 0.2 | OK | ||||
r-release-windows-ix86+x86_64 | 0.2 | 30.00 | 80.00 | 110.00 | OK | |
r-oldrel-macos-x86_64 | 0.2 | OK | ||||
r-oldrel-windows-ix86+x86_64 | 0.2 | 33.00 | 105.00 | 138.00 | OK |
Version: 0.2
Check: compiled code
Result: NOTE
File ‘mpbart/libs/mpbart.so’:
Found no calls to: ‘R_registerRoutines’, ‘R_useDynamicSymbols’
It is good practice to register native routines and to disable symbol
search.
See ‘Writing portable packages’ in the ‘Writing R Extensions’ manual.
Flavors: r-devel-linux-x86_64-fedora-clang, r-devel-linux-x86_64-fedora-gcc