CRAN Package Check Results for Package mrgsolve

Last updated on 2021-03-04 00:48:03 CET.

Flavor Version Tinstall Tcheck Ttotal Status Flags
r-devel-linux-x86_64-debian-clang 0.10.7 140.41 127.12 267.53 OK
r-devel-linux-x86_64-debian-gcc 0.10.7 98.95 93.66 192.61 OK
r-devel-linux-x86_64-fedora-clang 0.10.7 361.89 NOTE
r-devel-linux-x86_64-fedora-gcc 0.10.7 326.16 OK
r-devel-windows-ix86+x86_64 0.10.7 356.00 243.00 599.00 OK
r-patched-linux-x86_64 0.10.7 118.39 117.16 235.55 OK
r-patched-solaris-x86 0.10.7 334.40 OK
r-release-linux-x86_64 0.10.7 112.97 116.69 229.66 OK
r-release-macos-x86_64 0.10.7 NOTE
r-release-windows-ix86+x86_64 0.10.7 285.00 196.00 481.00 OK
r-oldrel-macos-x86_64 0.10.7 NOTE
r-oldrel-windows-ix86+x86_64 0.10.7 341.00 219.00 560.00 OK

Check Details

Version: 0.10.7
Check: installed package size
Result: NOTE
     installed size is 7.3Mb
     sub-directories of 1Mb or more:
     libs 5.6Mb
Flavors: r-devel-linux-x86_64-fedora-clang, r-release-macos-x86_64, r-oldrel-macos-x86_64