Last updated on 2021-03-04 00:48:03 CET.
Flavor | Version | Tinstall | Tcheck | Ttotal | Status | Flags |
---|---|---|---|---|---|---|
r-devel-linux-x86_64-debian-clang | 2.3.9 | 37.06 | 98.64 | 135.70 | OK | |
r-devel-linux-x86_64-debian-gcc | 2.3.9 | 27.17 | 75.47 | 102.64 | OK | |
r-devel-linux-x86_64-fedora-clang | 2.3.9 | 180.90 | OK | |||
r-devel-linux-x86_64-fedora-gcc | 2.3.9 | 164.31 | OK | |||
r-devel-windows-ix86+x86_64 | 2.3.9 | 87.00 | 226.00 | 313.00 | OK | |
r-patched-linux-x86_64 | 2.3.9 | 34.26 | 92.15 | 126.41 | OK | |
r-patched-solaris-x86 | 2.3.9 | 289.30 | OK | |||
r-release-linux-x86_64 | 2.3.9 | 35.12 | 92.69 | 127.81 | OK | |
r-release-macos-x86_64 | 2.3.9 | NOTE | ||||
r-release-windows-ix86+x86_64 | 2.3.9 | 67.00 | 176.00 | 243.00 | OK | |
r-oldrel-macos-x86_64 | 2.3.9 | NOTE | ||||
r-oldrel-windows-ix86+x86_64 | 2.3.9 | 79.00 | 211.00 | 290.00 | OK |
Version: 2.3.9
Check: installed package size
Result: NOTE
installed size is 5.2Mb
sub-directories of 1Mb or more:
libs 4.2Mb
Flavors: r-release-macos-x86_64, r-oldrel-macos-x86_64