CRAN Package Check Results for Package multinma

Last updated on 2021-03-04 00:48:03 CET.

Flavor Version Tinstall Tcheck Ttotal Status Flags
r-devel-linux-x86_64-debian-clang 0.2.1 649.60 279.22 928.82 NOTE
r-devel-linux-x86_64-debian-gcc 0.2.1 471.12 229.04 700.16 NOTE
r-devel-linux-x86_64-fedora-clang 0.2.1 1657.66 NOTE
r-devel-linux-x86_64-fedora-gcc 0.2.1 1532.91 NOTE
r-devel-windows-ix86+x86_64 0.2.1 1467.00 614.00 2081.00 NOTE
r-patched-linux-x86_64 0.2.1 501.31 302.77 804.08 NOTE
r-patched-solaris-x86 0.2.1 1451.30 NOTE
r-release-linux-x86_64 0.2.1 531.32 303.32 834.64 NOTE
r-release-macos-x86_64 0.2.1 NOTE
r-release-windows-ix86+x86_64 0.2.1 1174.00 471.00 1645.00 NOTE
r-oldrel-macos-x86_64 0.2.1 NOTE
r-oldrel-windows-ix86+x86_64 0.2.1 1406.00 572.00 1978.00 NOTE

Additional issues

donttest

Check Details

Version: 0.2.1
Check: for GNU extensions in Makefiles
Result: NOTE
    GNU make is a SystemRequirements.
Flavors: r-devel-linux-x86_64-debian-clang, r-devel-linux-x86_64-debian-gcc, r-devel-linux-x86_64-fedora-clang, r-devel-linux-x86_64-fedora-gcc, r-devel-windows-ix86+x86_64, r-patched-linux-x86_64, r-patched-solaris-x86, r-release-linux-x86_64, r-release-macos-x86_64, r-release-windows-ix86+x86_64, r-oldrel-macos-x86_64, r-oldrel-windows-ix86+x86_64

Version: 0.2.1
Check: package dependencies
Result: NOTE
    Imports includes 22 non-default packages.
    Importing from so many packages makes the package vulnerable to any of
    them becoming unavailable. Move as many as possible to Suggests and
    use conditionally.
Flavor: r-devel-linux-x86_64-fedora-clang

Version: 0.2.1
Check: installed package size
Result: NOTE
     installed size is 143.4Mb
     sub-directories of 1Mb or more:
     doc 5.8Mb
     libs 136.4Mb
Flavors: r-devel-linux-x86_64-fedora-clang, r-devel-windows-ix86+x86_64, r-patched-solaris-x86, r-release-macos-x86_64, r-release-windows-ix86+x86_64, r-oldrel-macos-x86_64, r-oldrel-windows-ix86+x86_64

Version: 0.2.1
Check: dependencies in R code
Result: NOTE
    Namespaces in Imports field not imported from:
     ‘RcppParallel’ ‘rstantools’
     All declared Imports should be used.
Flavors: r-devel-linux-x86_64-fedora-clang, r-devel-linux-x86_64-fedora-gcc, r-patched-solaris-x86, r-release-macos-x86_64, r-oldrel-macos-x86_64