Last updated on 2021-03-04 00:48:04 CET.
Flavor | Version | Tinstall | Tcheck | Ttotal | Status | Flags |
---|---|---|---|---|---|---|
r-devel-linux-x86_64-debian-clang | 0.1-10 | 4.63 | 203.62 | 208.25 | OK | |
r-devel-linux-x86_64-debian-gcc | 0.1-10 | 3.36 | 150.54 | 153.90 | OK | |
r-devel-linux-x86_64-fedora-clang | 0.1-10 | 247.96 | NOTE | |||
r-devel-linux-x86_64-fedora-gcc | 0.1-10 | 242.05 | OK | |||
r-devel-windows-ix86+x86_64 | 0.1-10 | 10.00 | 293.00 | 303.00 | OK | |
r-patched-linux-x86_64 | 0.1-10 | 4.08 | 187.36 | 191.44 | OK | |
r-patched-solaris-x86 | 0.1-10 | 287.30 | OK | |||
r-release-linux-x86_64 | 0.1-10 | 4.33 | 185.77 | 190.10 | OK | |
r-release-macos-x86_64 | 0.1-10 | OK | ||||
r-release-windows-ix86+x86_64 | 0.1-10 | 7.00 | 231.00 | 238.00 | OK | |
r-oldrel-macos-x86_64 | 0.1-10 | OK | ||||
r-oldrel-windows-ix86+x86_64 | 0.1-10 | 8.00 | 272.00 | 280.00 | OK |
Version: 0.1-10
Check: Rd cross-references
Result: NOTE
Undeclared package ‘sampleSelection’ in Rd xrefs
Flavor: r-devel-linux-x86_64-fedora-clang