Last updated on 2021-03-04 00:48:03 CET.
Flavor | Version | Tinstall | Tcheck | Ttotal | Status | Flags |
---|---|---|---|---|---|---|
r-devel-linux-x86_64-debian-clang | 4.1.9 | 102.69 | 175.99 | 278.68 | OK | |
r-devel-linux-x86_64-debian-gcc | 4.1.9 | 65.71 | 128.07 | 193.78 | OK | |
r-devel-linux-x86_64-fedora-clang | 4.1.9 | 362.11 | OK | |||
r-devel-linux-x86_64-fedora-gcc | 4.1.9 | 329.51 | OK | |||
r-devel-windows-ix86+x86_64 | 4.1.9 | 214.00 | 333.00 | 547.00 | OK | |
r-patched-linux-x86_64 | 4.1.9 | 75.80 | 162.98 | 238.78 | OK | |
r-patched-solaris-x86 | 4.1.9 | 393.30 | OK | |||
r-release-linux-x86_64 | 4.1.9 | 75.59 | 162.21 | 237.80 | OK | |
r-release-macos-x86_64 | 4.1.9 | NOTE | ||||
r-release-windows-ix86+x86_64 | 4.1.9 | 215.00 | 315.00 | 530.00 | OK | |
r-oldrel-macos-x86_64 | 4.1.9 | NOTE | ||||
r-oldrel-windows-ix86+x86_64 | 4.1.9 | 166.00 | 242.00 | 408.00 | OK |
Version: 4.1.9
Check: installed package size
Result: NOTE
installed size is 6.6Mb
sub-directories of 1Mb or more:
libs 5.5Mb
Flavors: r-release-macos-x86_64, r-oldrel-macos-x86_64