Last updated on 2021-03-04 00:48:04 CET.
Flavor | Version | Tinstall | Tcheck | Ttotal | Status | Flags |
---|---|---|---|---|---|---|
r-devel-linux-x86_64-debian-clang | 2020.9-10 | 14.87 | 135.84 | 150.71 | OK | |
r-devel-linux-x86_64-debian-gcc | 2020.9-10 | 13.12 | 101.52 | 114.64 | OK | |
r-devel-linux-x86_64-fedora-clang | 2020.9-10 | 190.53 | OK | |||
r-devel-linux-x86_64-fedora-gcc | 2020.9-10 | 175.17 | OK | |||
r-devel-windows-ix86+x86_64 | 2020.9-10 | 34.00 | 165.00 | 199.00 | OK | |
r-patched-linux-x86_64 | 2020.9-10 | 15.15 | 124.46 | 139.61 | OK | |
r-patched-solaris-x86 | 2020.9-10 | 251.10 | OK | |||
r-release-linux-x86_64 | 2020.9-10 | 16.28 | 125.16 | 141.44 | OK | |
r-release-macos-x86_64 | 2020.9-10 | OK | ||||
r-release-windows-ix86+x86_64 | 2020.9-10 | 28.00 | 140.00 | 168.00 | OK | |
r-oldrel-macos-x86_64 | 2020.9-10 | NOTE | ||||
r-oldrel-windows-ix86+x86_64 | 2020.9-10 | 30.00 | 145.00 | 175.00 | OK |
Version: 2020.9-10
Check: dependencies in R code
Result: NOTE
No protocol specified
No protocol specified
Flavor: r-oldrel-macos-x86_64