CRAN Package Check Results for Package netdiffuseR

Last updated on 2021-03-04 00:48:04 CET.

Flavor Version Tinstall Tcheck Ttotal Status Flags
r-devel-linux-x86_64-debian-clang 1.22.0 160.34 347.02 507.36 OK
r-devel-linux-x86_64-debian-gcc 1.22.0 111.35 254.28 365.63 OK
r-devel-linux-x86_64-fedora-clang 1.22.0 637.04 NOTE
r-devel-linux-x86_64-fedora-gcc 1.22.0 614.89 OK
r-devel-windows-ix86+x86_64 1.22.0 322.00 379.00 701.00 NOTE --no-vignettes
r-patched-linux-x86_64 1.22.0 127.95 331.88 459.83 OK
r-patched-solaris-x86 1.22.0 646.80 OK
r-release-linux-x86_64 1.22.0 130.12 328.11 458.23 OK
r-release-macos-x86_64 1.22.0 NOTE
r-release-windows-ix86+x86_64 1.22.0 251.00 394.00 645.00 NOTE --no-vignettes
r-oldrel-macos-x86_64 1.22.0 NOTE
r-oldrel-windows-ix86+x86_64 1.22.0 314.00 406.00 720.00 NOTE --no-vignettes

Check Details

Version: 1.22.0
Check: installed package size
Result: NOTE
     installed size is 11.8Mb
     sub-directories of 1Mb or more:
     doc 2.2Mb
     libs 7.9Mb
Flavors: r-devel-linux-x86_64-fedora-clang, r-release-macos-x86_64, r-oldrel-macos-x86_64

Version: 1.22.0
Flags: --no-vignettes
Check: installed package size
Result: NOTE
     installed size is 6.8Mb
     sub-directories of 1Mb or more:
     doc 2.2Mb
     libs 2.9Mb
Flavors: r-devel-windows-ix86+x86_64, r-release-windows-ix86+x86_64, r-oldrel-windows-ix86+x86_64