CRAN Package Check Results for Package networktree

Last updated on 2021-03-04 00:48:04 CET.

Flavor Version Tinstall Tcheck Ttotal Status Flags
r-devel-linux-x86_64-debian-clang 1.0.1 10.26 72.11 82.37 OK
r-devel-linux-x86_64-debian-gcc 1.0.1 6.90 54.87 61.77 OK
r-devel-linux-x86_64-fedora-clang 1.0.1 104.76 NOTE
r-devel-linux-x86_64-fedora-gcc 1.0.1 94.59 NOTE
r-devel-windows-ix86+x86_64 1.0.1 21.00 98.00 119.00 OK
r-patched-linux-x86_64 1.0.1 7.47 66.47 73.94 OK
r-patched-solaris-x86 1.0.1 144.90 NOTE
r-release-linux-x86_64 1.0.1 5.93 66.98 72.91 OK
r-release-macos-x86_64 1.0.1 NOTE
r-release-windows-ix86+x86_64 1.0.1 15.00 69.00 84.00 OK
r-oldrel-macos-x86_64 1.0.1 NOTE
r-oldrel-windows-ix86+x86_64 1.0.1 17.00 83.00 100.00 OK

Check Details

Version: 1.0.1
Check: data for non-ASCII characters
Result: NOTE
     Note: found 2 marked Latin-1 strings
Flavors: r-devel-linux-x86_64-fedora-clang, r-devel-linux-x86_64-fedora-gcc, r-patched-solaris-x86, r-release-macos-x86_64, r-oldrel-macos-x86_64