CRAN Package Check Results for Package nodbi

Last updated on 2021-03-04 00:48:04 CET.

Flavor Version Tinstall Tcheck Ttotal Status Flags
r-devel-linux-x86_64-debian-clang 0.4.2 3.42 34.47 37.89 OK
r-devel-linux-x86_64-debian-gcc 0.4.2 2.85 26.16 29.01 OK
r-devel-linux-x86_64-fedora-clang 0.4.2 55.38 OK
r-devel-linux-x86_64-fedora-gcc 0.4.2 43.93 OK
r-devel-windows-ix86+x86_64 0.4.2 8.00 55.00 63.00 OK
r-patched-linux-x86_64 0.4.2 3.43 32.37 35.80 OK
r-patched-solaris-x86 0.4.2 71.70 NOTE
r-release-linux-x86_64 0.4.2 3.02 32.45 35.47 OK
r-release-macos-x86_64 0.4.2 OK
r-release-windows-ix86+x86_64 0.4.2 8.00 44.00 52.00 OK
r-oldrel-macos-x86_64 0.4.2 OK
r-oldrel-windows-ix86+x86_64 0.4.2 21.00 47.00 68.00 OK

Check Details

Version: 0.4.2
Check: package dependencies
Result: NOTE
    Package suggested but not available for checking: ‘redux’
Flavor: r-patched-solaris-x86