CRAN Package Check Results for Package nor1mix

Last updated on 2021-03-04 00:48:04 CET.

Flavor Version Tinstall Tcheck Ttotal Status Flags
r-devel-linux-x86_64-debian-clang 1.3-0 2.69 31.77 34.46 OK
r-devel-linux-x86_64-debian-gcc 1.3-0 2.19 24.46 26.65 OK
r-devel-linux-x86_64-fedora-clang 1.3-0 51.40 NOTE
r-devel-linux-x86_64-fedora-gcc 1.3-0 40.93 OK
r-devel-windows-ix86+x86_64 1.3-0 6.00 49.00 55.00 OK
r-patched-linux-x86_64 1.3-0 2.82 30.81 33.63 OK
r-patched-solaris-x86 1.3-0 60.20 OK
r-release-linux-x86_64 1.3-0 2.81 30.17 32.98 OK
r-release-macos-x86_64 1.3-0 OK
r-release-windows-ix86+x86_64 1.3-0 6.00 49.00 55.00 OK
r-oldrel-macos-x86_64 1.3-0 OK
r-oldrel-windows-ix86+x86_64 1.3-0 17.00 51.00 68.00 OK

Check Details

Version: 1.3-0
Check: Rd cross-references
Result: NOTE
    Undeclared package ‘copula’ in Rd xrefs
Flavor: r-devel-linux-x86_64-fedora-clang