Last updated on 2021-03-04 00:48:04 CET.
Flavor | Version | Tinstall | Tcheck | Ttotal | Status | Flags |
---|---|---|---|---|---|---|
r-devel-linux-x86_64-debian-clang | 1.3.0 | 92.88 | 51.64 | 144.52 | WARN | |
r-devel-linux-x86_64-debian-gcc | 1.3.0 | 58.71 | 40.87 | 99.58 | OK | |
r-devel-linux-x86_64-fedora-clang | 1.3.0 | 202.40 | WARN | |||
r-devel-linux-x86_64-fedora-gcc | 1.3.0 | 184.23 | OK | |||
r-devel-windows-ix86+x86_64 | 1.3.0 | 217.00 | 104.00 | 321.00 | OK | |
r-patched-linux-x86_64 | 1.3.0 | 70.06 | 50.13 | 120.19 | OK | |
r-patched-solaris-x86 | 1.3.0 | 168.50 | OK | |||
r-release-linux-x86_64 | 1.3.0 | 77.80 | 49.96 | 127.76 | OK | |
r-release-macos-x86_64 | 1.3.0 | NOTE | ||||
r-release-windows-ix86+x86_64 | 1.3.0 | 162.00 | 100.00 | 262.00 | OK | |
r-oldrel-macos-x86_64 | 1.3.0 | NOTE | ||||
r-oldrel-windows-ix86+x86_64 | 1.3.0 | 187.00 | 99.00 | 286.00 | OK |
Version: 1.3.0
Check: whether package can be installed
Result: WARN
Found the following significant warnings:
src/time_zone_posix.h:72:7: warning: anonymous types declared in an anonymous union are an extension [-Wnested-anon-types]
src/time_zone_posix.h:75:7: warning: anonymous types declared in an anonymous union are an extension [-Wnested-anon-types]
src/time_zone_posix.h:78:7: warning: anonymous types declared in an anonymous union are an extension [-Wnested-anon-types]
Flavors: r-devel-linux-x86_64-debian-clang, r-devel-linux-x86_64-fedora-clang
Version: 1.3.0
Check: installed package size
Result: NOTE
installed size is 7.9Mb
sub-directories of 1Mb or more:
libs 7.5Mb
Flavors: r-devel-linux-x86_64-fedora-clang, r-release-macos-x86_64, r-oldrel-macos-x86_64