Last updated on 2021-03-04 00:48:04 CET.
Flavor | Version | Tinstall | Tcheck | Ttotal | Status | Flags |
---|---|---|---|---|---|---|
r-devel-linux-x86_64-debian-clang | 0.3.16 | 18.31 | 98.24 | 116.55 | OK | |
r-devel-linux-x86_64-debian-gcc | 0.3.16 | 14.56 | 73.63 | 88.19 | OK | |
r-devel-linux-x86_64-fedora-clang | 0.3.16 | 149.43 | OK | |||
r-devel-linux-x86_64-fedora-gcc | 0.3.16 | 138.87 | OK | |||
r-devel-windows-ix86+x86_64 | 0.3.16 | 30.00 | 123.00 | 153.00 | OK | |
r-patched-linux-x86_64 | 0.3.16 | 16.45 | 92.79 | 109.24 | OK | |
r-patched-solaris-x86 | 0.3.16 | 179.60 | NOTE | |||
r-release-linux-x86_64 | 0.3.16 | 17.21 | 92.07 | 109.28 | OK | |
r-release-macos-x86_64 | 0.3.16 | OK | ||||
r-release-windows-ix86+x86_64 | 0.3.16 | 30.00 | 107.00 | 137.00 | OK | |
r-oldrel-macos-x86_64 | 0.3.16 | OK | ||||
r-oldrel-windows-ix86+x86_64 | 0.3.16 | 37.00 | 126.00 | 163.00 | OK |
Version: 0.3.16
Check: package dependencies
Result: NOTE
Package suggested but not available for checking: ‘rsvg’
Flavor: r-patched-solaris-x86