CRAN Package Check Results for Package onlineforecast

Last updated on 2021-03-04 00:48:04 CET.

Flavor Version Tinstall Tcheck Ttotal Status Flags
r-devel-linux-x86_64-debian-clang 0.9.3 51.45 183.11 234.56 OK
r-devel-linux-x86_64-debian-gcc 0.9.3 32.22 131.92 164.14 OK
r-devel-linux-x86_64-fedora-clang 0.9.3 287.76 NOTE
r-devel-linux-x86_64-fedora-gcc 0.9.3 271.29 OK
r-devel-windows-ix86+x86_64 0.9.3 110.00 265.00 375.00 NOTE
r-patched-linux-x86_64 0.9.3 37.34 173.95 211.29 OK
r-patched-solaris-x86 0.9.3 349.40 OK
r-release-linux-x86_64 0.9.3 39.34 173.68 213.02 OK
r-release-macos-x86_64 0.9.3 NOTE
r-release-windows-ix86+x86_64 0.9.3 79.00 207.00 286.00 NOTE
r-oldrel-macos-x86_64 0.9.3 NOTE
r-oldrel-windows-ix86+x86_64 0.9.3 98.00 240.00 338.00 NOTE

Check Details

Version: 0.9.3
Check: installed package size
Result: NOTE
     installed size is 5.1Mb
     sub-directories of 1Mb or more:
     doc 3.1Mb
     libs 1.4Mb
Flavors: r-devel-linux-x86_64-fedora-clang, r-devel-windows-ix86+x86_64, r-release-macos-x86_64, r-release-windows-ix86+x86_64, r-oldrel-macos-x86_64, r-oldrel-windows-ix86+x86_64