CRAN Package Check Results for Package openVA

Last updated on 2021-03-04 00:48:04 CET.

Flavor Version Tinstall Tcheck Ttotal Status Flags
r-devel-linux-x86_64-debian-clang 1.0.12 8.46 121.82 130.28 NOTE
r-devel-linux-x86_64-debian-gcc 1.0.12 6.00 87.12 93.12 NOTE
r-devel-linux-x86_64-fedora-clang 1.0.12 157.22 NOTE
r-devel-linux-x86_64-fedora-gcc 1.0.12 146.85 NOTE
r-devel-windows-ix86+x86_64 1.0.12 21.00 150.00 171.00 OK
r-patched-linux-x86_64 1.0.12 8.16 111.31 119.47 NOTE
r-patched-solaris-x86 1.0.12 222.20 NOTE
r-release-linux-x86_64 1.0.12 6.81 114.64 121.45 NOTE
r-release-macos-x86_64 1.0.12 NOTE
r-release-windows-ix86+x86_64 1.0.12 15.00 120.00 135.00 OK
r-oldrel-macos-x86_64 1.0.12 OK
r-oldrel-windows-ix86+x86_64 1.0.12 18.00 124.00 142.00 OK

Check Details

Version: 1.0.12
Check: package dependencies
Result: NOTE
    Package suggested but not available for checking: 'nbc4va'
Flavors: r-devel-linux-x86_64-debian-clang, r-devel-linux-x86_64-debian-gcc, r-devel-linux-x86_64-fedora-clang, r-devel-linux-x86_64-fedora-gcc, r-patched-linux-x86_64, r-patched-solaris-x86, r-release-linux-x86_64, r-release-macos-x86_64