Last updated on 2021-03-04 00:48:05 CET.
Flavor | Version | Tinstall | Tcheck | Ttotal | Status | Flags |
---|---|---|---|---|---|---|
r-devel-linux-x86_64-debian-clang | 4.10 | 4.27 | 41.01 | 45.28 | OK | |
r-devel-linux-x86_64-debian-gcc | 4.10 | 3.56 | 31.71 | 35.27 | OK | |
r-devel-linux-x86_64-fedora-clang | 4.10 | 64.08 | NOTE | |||
r-devel-linux-x86_64-fedora-gcc | 4.10 | 55.09 | NOTE | |||
r-devel-windows-ix86+x86_64 | 4.10 | 9.00 | 66.00 | 75.00 | OK | |
r-patched-linux-x86_64 | 4.10 | 4.07 | 39.07 | 43.14 | OK | |
r-patched-solaris-x86 | 4.10 | 82.70 | NOTE | |||
r-release-linux-x86_64 | 4.10 | 4.29 | 39.65 | 43.94 | OK | |
r-release-macos-x86_64 | 4.10 | NOTE | ||||
r-release-windows-ix86+x86_64 | 4.10 | 8.00 | 47.00 | 55.00 | OK | |
r-oldrel-macos-x86_64 | 4.10 | NOTE | ||||
r-oldrel-windows-ix86+x86_64 | 4.10 | 7.00 | 54.00 | 61.00 | OK |
Version: 4.10
Check: dependencies in R code
Result: NOTE
Namespaces in Imports field not imported from:
‘knitr’ ‘rmarkdown’
All declared Imports should be used.
Flavors: r-devel-linux-x86_64-fedora-clang, r-devel-linux-x86_64-fedora-gcc, r-patched-solaris-x86, r-release-macos-x86_64, r-oldrel-macos-x86_64
Version: 4.10
Check: Rd cross-references
Result: NOTE
Undeclared package ‘orloca.es’ in Rd xrefs
Flavor: r-devel-linux-x86_64-fedora-clang