Last updated on 2021-03-04 00:48:05 CET.
Flavor | Version | Tinstall | Tcheck | Ttotal | Status | Flags |
---|---|---|---|---|---|---|
r-devel-linux-x86_64-debian-clang | 0.11.0 | 18.67 | 103.35 | 122.02 | OK | |
r-devel-linux-x86_64-debian-gcc | 0.11.0 | 16.17 | 78.29 | 94.46 | OK | |
r-devel-linux-x86_64-fedora-clang | 0.11.0 | 152.73 | NOTE | |||
r-devel-linux-x86_64-fedora-gcc | 0.11.0 | 142.68 | OK | |||
r-devel-windows-ix86+x86_64 | 0.11.0 | 37.00 | 151.00 | 188.00 | NOTE | |
r-patched-linux-x86_64 | 0.11.0 | 17.33 | 97.32 | 114.65 | OK | |
r-patched-solaris-x86 | 0.11.0 | 191.80 | NOTE | |||
r-release-linux-x86_64 | 0.11.0 | 17.83 | 96.98 | 114.81 | OK | |
r-release-macos-x86_64 | 0.11.0 | NOTE | ||||
r-release-windows-ix86+x86_64 | 0.11.0 | 25.00 | 102.00 | 127.00 | NOTE | |
r-oldrel-macos-x86_64 | 0.11.0 | NOTE | ||||
r-oldrel-windows-ix86+x86_64 | 0.11.0 | 47.00 | 123.00 | 170.00 | NOTE |
Version: 0.11.0
Check: installed package size
Result: NOTE
installed size is 6.6Mb
sub-directories of 1Mb or more:
R 1.0Mb
nifti 3.8Mb
Flavors: r-devel-linux-x86_64-fedora-clang, r-devel-windows-ix86+x86_64, r-patched-solaris-x86, r-release-macos-x86_64, r-release-windows-ix86+x86_64, r-oldrel-macos-x86_64, r-oldrel-windows-ix86+x86_64