CRAN Package Check Results for Package outsider.base

Last updated on 2021-03-04 00:48:05 CET.

Flavor Version Tinstall Tcheck Ttotal Status Flags
r-devel-linux-x86_64-debian-clang 0.1.3 3.40 31.39 34.79 OK
r-devel-linux-x86_64-debian-gcc 0.1.3 2.50 24.52 27.02 OK
r-devel-linux-x86_64-fedora-clang 0.1.3 51.76 NOTE
r-devel-linux-x86_64-fedora-gcc 0.1.3 62.24 NOTE
r-devel-windows-ix86+x86_64 0.1.3 8.00 47.00 55.00 OK
r-patched-linux-x86_64 0.1.3 2.80 30.90 33.70 OK
r-patched-solaris-x86 0.1.3 62.70 NOTE
r-release-linux-x86_64 0.1.3 3.31 30.74 34.05 OK
r-release-macos-x86_64 0.1.3 NOTE
r-release-windows-ix86+x86_64 0.1.3 6.00 42.00 48.00 OK
r-oldrel-macos-x86_64 0.1.3 NOTE
r-oldrel-windows-ix86+x86_64 0.1.3 5.00 51.00 56.00 OK

Additional issues

donttest

Check Details

Version: 0.1.3
Check: dependencies in R code
Result: NOTE
    Namespaces in Imports field not imported from:
     ‘jsonlite’ ‘praise’ ‘withr’
     All declared Imports should be used.
Flavors: r-devel-linux-x86_64-fedora-clang, r-devel-linux-x86_64-fedora-gcc, r-patched-solaris-x86, r-release-macos-x86_64, r-oldrel-macos-x86_64

Version: 0.1.3
Check: package dependencies
Result: NOTE
    Package suggested but not available for checking: ‘ssh’
Flavor: r-patched-solaris-x86