Last updated on 2021-03-04 00:48:05 CET.
Flavor | Version | Tinstall | Tcheck | Ttotal | Status | Flags |
---|---|---|---|---|---|---|
r-devel-linux-x86_64-debian-clang | 0.3.8 | 32.25 | 356.14 | 388.39 | OK | |
r-devel-linux-x86_64-debian-gcc | 0.3.8 | 26.80 | 264.26 | 291.06 | OK | |
r-devel-linux-x86_64-fedora-clang | 0.3.8 | 462.33 | NOTE | |||
r-devel-linux-x86_64-fedora-gcc | 0.3.8 | 501.84 | OK | |||
r-devel-windows-ix86+x86_64 | 0.3.8 | 66.00 | 330.00 | 396.00 | OK | |
r-patched-linux-x86_64 | 0.3.8 | 22.55 | 328.98 | 351.53 | OK | |
r-patched-solaris-x86 | 0.3.8 | 583.80 | NOTE | |||
r-release-linux-x86_64 | 0.3.8 | 21.30 | 329.63 | 350.93 | OK | |
r-release-macos-x86_64 | 0.3.8 | NOTE | ||||
r-release-windows-ix86+x86_64 | 0.3.8 | 43.00 | 289.00 | 332.00 | OK | |
r-oldrel-macos-x86_64 | 0.3.8 | ERROR | ||||
r-oldrel-windows-ix86+x86_64 | 0.3.8 | 59.00 | 344.00 | 403.00 | OK |
Version: 0.3.8
Check: Rd cross-references
Result: NOTE
Undeclared package ‘IRanges’ in Rd xrefs
Flavor: r-devel-linux-x86_64-fedora-clang
Version: 0.3.8
Check: installed package size
Result: NOTE
installed size is 5.2Mb
sub-directories of 1Mb or more:
extdata 4.1Mb
Flavor: r-patched-solaris-x86
Version: 0.3.8
Check: package dependencies
Result: NOTE
Package suggested but not available for checking: ‘DECIPHER’
Flavors: r-release-macos-x86_64, r-oldrel-macos-x86_64
Version: 0.3.8
Check: whether package can be installed
Result: ERROR
Installation failed.
Flavor: r-oldrel-macos-x86_64