CRAN Package Check Results for Package partR2

Last updated on 2021-03-04 00:48:05 CET.

Flavor Version Tinstall Tcheck Ttotal Status Flags
r-devel-linux-x86_64-debian-clang 0.9.1 4.17 183.82 187.99 OK
r-devel-linux-x86_64-debian-gcc 0.9.1 3.66 130.32 133.98 OK
r-devel-linux-x86_64-fedora-clang 0.9.1 224.19 NOTE
r-devel-linux-x86_64-fedora-gcc 0.9.1 213.70 NOTE
r-devel-windows-ix86+x86_64 0.9.1 9.00 206.00 215.00 OK
r-patched-linux-x86_64 0.9.1 4.31 181.02 185.33 OK
r-patched-solaris-x86 0.9.1 290.20 NOTE
r-release-linux-x86_64 0.9.1 3.93 172.50 176.43 OK
r-release-macos-x86_64 0.9.1 NOTE
r-release-windows-ix86+x86_64 0.9.1 6.00 171.00 177.00 OK
r-oldrel-macos-x86_64 0.9.1 NOTE
r-oldrel-windows-ix86+x86_64 0.9.1 7.00 202.00 209.00 OK

Check Details

Version: 0.9.1
Check: dependencies in R code
Result: NOTE
    Namespace in Imports field not imported from: ‘methods’
     All declared Imports should be used.
Flavors: r-devel-linux-x86_64-fedora-clang, r-devel-linux-x86_64-fedora-gcc, r-patched-solaris-x86, r-release-macos-x86_64, r-oldrel-macos-x86_64