CRAN Package Check Results for Package path.chain

Last updated on 2021-03-04 00:48:05 CET.

Flavor Version Tinstall Tcheck Ttotal Status Flags
r-devel-linux-x86_64-debian-clang 0.2.0 2.37 32.40 34.77 OK
r-devel-linux-x86_64-debian-gcc 0.2.0 1.81 24.91 26.72 OK
r-devel-linux-x86_64-fedora-clang 0.2.0 50.98 NOTE
r-devel-linux-x86_64-fedora-gcc 0.2.0 41.40 NOTE
r-devel-windows-ix86+x86_64 0.2.0 6.00 42.00 48.00 OK
r-patched-linux-x86_64 0.2.0 2.20 31.09 33.29 OK
r-patched-solaris-x86 0.2.0 63.80 NOTE
r-release-linux-x86_64 0.2.0 2.31 31.13 33.44 OK
r-release-macos-x86_64 0.2.0 NOTE
r-release-windows-ix86+x86_64 0.2.0 6.00 37.00 43.00 OK
r-oldrel-macos-x86_64 0.2.0 NOTE
r-oldrel-windows-ix86+x86_64 0.2.0 25.00 44.00 69.00 OK

Check Details

Version: 0.2.0
Check: dependencies in R code
Result: NOTE
    Namespace in Imports field not imported from: ‘logger’
     All declared Imports should be used.
Flavors: r-devel-linux-x86_64-fedora-clang, r-devel-linux-x86_64-fedora-gcc, r-patched-solaris-x86, r-release-macos-x86_64, r-oldrel-macos-x86_64